{"id":1099,"date":"2020-01-27T22:00:42","date_gmt":"2020-01-27T21:00:42","guid":{"rendered":"http:\/\/localhost\/yogashri\/neu\/online\/?page_id=1099"},"modified":"2020-02-23T22:01:26","modified_gmt":"2020-02-23T21:01:26","slug":"besuch-von-shri-prakash-ji-in-berlin-mai-2018","status":"publish","type":"page","link":"http:\/\/yoga-shri.de\/index.php\/veranstaltungen-in-berlin-und-treffen-mit-shri-prakash-ji-weltweit\/besuch-von-shri-prakash-ji-in-berlin-mai-2018\/","title":{"rendered":"Besuch von Shri Prakash Ji in Berlin Mai 2018"},"content":{"rendered":"<p>Unser spiritueller Lehrer Shri Prakash Ji besuchte in Begleitung seiner Ehegattin Shrimati Shivani Ji und seines Sohnes Prasun Anfang Mai Berlin.<\/p>\n<p>Vom 4. bis zum 6. Mai empfing der Lehrer viele Besucher zu pers\u00f6nlichen Gespr\u00e4chen im Zentrum \u201eShri Prakash Dham e.V.\u201c in Berlin-Lichtenberg.<\/p>\n<p>Die M\u00f6glichkeit, einen wahren geistigen Lehrer, einen Sadguru, unter vier Augen zu sprechen, nutzten zahlreiche seiner Anh\u00e4nger und Sch\u00fcler aus Deutschland. Viele kamen mit pers\u00f6nlichen Anliegen zu ihm, um einen Rat in besonders wichtigen, teils auch schwierigen Lebenssituatione<img decoding=\"async\" loading=\"lazy\" class=\"wp-image-1541 alignleft\" src=\"http:\/\/localhost\/yogashri\/neu\/online\/wp-content\/uploads\/2020\/02\/2018.Mai_Spaziergang-mit-Shri-Prakash-Ji-auf-der-Pfaueninsel.jpg\" alt=\"\" width=\"427\" height=\"285\" srcset=\"http:\/\/yoga-shri.de\/wp-content\/uploads\/2020\/02\/2018.Mai_Spaziergang-mit-Shri-Prakash-Ji-auf-der-Pfaueninsel.jpg 800w, http:\/\/yoga-shri.de\/wp-content\/uploads\/2020\/02\/2018.Mai_Spaziergang-mit-Shri-Prakash-Ji-auf-der-Pfaueninsel-300x200.jpg 300w, http:\/\/yoga-shri.de\/wp-content\/uploads\/2020\/02\/2018.Mai_Spaziergang-mit-Shri-Prakash-Ji-auf-der-Pfaueninsel-768x513.jpg 768w, http:\/\/yoga-shri.de\/wp-content\/uploads\/2020\/02\/2018.Mai_Spaziergang-mit-Shri-Prakash-Ji-auf-der-Pfaueninsel-700x465.jpg 700w\" sizes=\"(max-width: 427px) 100vw, 427px\" \/>n zu erhalten.<\/p>\n<p>Manche Menschen kamen, um \u00fcber ihre Sorgen und ihre Fehler im Leben zu sprechen, um Vergebung zu bitten, und Shri Prakash Ji h\u00f6rte allen zu, sprach Mut zu, gab Hoffnung. Zahlreiche Menschen kamen zu ihm, um auf ihrem spirituellen Weg Anleitung, Motivation und Segen f\u00fcr die weitere Entwicklung zu erhalten.<\/p>\n<p>Das Alter der Besucher erstreckte sich von sechs Monaten bis 97 Jahren. Es kamen Menschen verschiedener Kulturen und Glaubensgemeinschaften, um mit dem Lehrer \u00fcber ihr Anliegen zu sprechen und um sich auch mit Gleichgesinnten auszutauschen.<\/p>\n<p>Einige G\u00e4ste begegneten ihm zum ersten Mal und erhielten eine Einweihung in die spirituelle Praxis (Meditation). Jeder Besucher bekam einen Segen vom Lehrer sowie Prasad (gesegnete Fr\u00fcchte). Viele Menschen empfanden nach diesen Ges<img decoding=\"async\" loading=\"lazy\" class=\"alignright wp-image-1543 \" src=\"http:\/\/localhost\/yogashri\/neu\/online\/wp-content\/uploads\/2020\/02\/2018.Mai_Shri-Prakash-Ji-und-Shivani-Ji-auf-der-Pfaueninsel.jpg\" alt=\"\" width=\"386\" height=\"258\" srcset=\"http:\/\/yoga-shri.de\/wp-content\/uploads\/2020\/02\/2018.Mai_Shri-Prakash-Ji-und-Shivani-Ji-auf-der-Pfaueninsel.jpg 800w, http:\/\/yoga-shri.de\/wp-content\/uploads\/2020\/02\/2018.Mai_Shri-Prakash-Ji-und-Shivani-Ji-auf-der-Pfaueninsel-300x200.jpg 300w, http:\/\/yoga-shri.de\/wp-content\/uploads\/2020\/02\/2018.Mai_Shri-Prakash-Ji-und-Shivani-Ji-auf-der-Pfaueninsel-768x513.jpg 768w\" sizes=\"(max-width: 386px) 100vw, 386px\" \/>pr\u00e4chen eine gro\u00dfe innere Freude und Zufriedenheit dar\u00fcber, dass es einen Menschen gibt, der allen Liebe und Vertrauen entgegenbringt und sie so sieht, wie sie sind.<\/p>\n<p>Am 3. Mai unternahmen Shri Prakash Ji und eine Gruppe seiner Sch\u00fcler einen Ausflug zur in der Havel gelegenen Pfaueninsel, die man nur mit der F\u00e4hre erreichen kann. Beim Spaziergang bezauberte uns die historische Insel mit ihren idyllischen Landschaften und exotischen Pfauen.<\/p>\n<p>Am Ende des Spaziergangs machten wir es uns auf einer Wiese gem\u00fctlich und lauschten dem Satsang des Lehrers.<\/p>\n<p>Ein weiterer Satsang fand am 5. Mai, im Berliner Vereinszentrum Shri Prakash Dham statt.<\/p>\n<p>Der Lehrer f\u00fchrte eine Frage-Antwort-Stunde durch. Eine Sch\u00fclerin fragte ihn, wie man mit negativen Gef\u00fchlen wie Wut oder Neid umgehen sollte in dem Mom<img decoding=\"async\" loading=\"lazy\" class=\"wp-image-1544 alignleft\" src=\"http:\/\/localhost\/yogashri\/neu\/online\/wp-content\/uploads\/2020\/02\/2018.05.05_Satsang-in-Berlin.jpg\" alt=\"\" width=\"314\" height=\"209\" srcset=\"http:\/\/yoga-shri.de\/wp-content\/uploads\/2020\/02\/2018.05.05_Satsang-in-Berlin.jpg 800w, http:\/\/yoga-shri.de\/wp-content\/uploads\/2020\/02\/2018.05.05_Satsang-in-Berlin-300x200.jpg 300w, http:\/\/yoga-shri.de\/wp-content\/uploads\/2020\/02\/2018.05.05_Satsang-in-Berlin-768x512.jpg 768w, http:\/\/yoga-shri.de\/wp-content\/uploads\/2020\/02\/2018.05.05_Satsang-in-Berlin-700x465.jpg 700w\" sizes=\"(max-width: 314px) 100vw, 314px\" \/>ent, wo sie bei einem Menschen aufkommen.<\/p>\n<p>Ein anderer Sch\u00fcler fragte, wie man es schaffen kann, die f\u00fcr das Treffen von richtigen Entscheidungen notwendige innerliche Ruhe zu bekommen.<\/p>\n<p>Eine weitere Frage bezog sich auf das Karma. Eine Sch\u00fclerin fragte, ob das Karma durch den Menschen oder das g\u00f6ttliche Gesetz bestimmt wird: denn viele Menschen glauben nicht an Gott und es gebe soviel Leid auf der Welt. Was kann man diesen Menschen sagen?<\/p>\n<p>Guruji beantwortete noch weitere sehr interessante Fragen.<\/p>\n<p><a href=\"https:\/\/www.facebook.com\/shriprakashji\/videos\/2091185847795381\">Einen vollst\u00e4ndigen Mitschnitt des Satsangs kann man auf der Facebook-Seite von Shri Prakash Ji anh\u00f6ren. <\/a><\/p>\n<p>Wir freuen uns schon jetzt auf den n\u00e4chsten Satsang mit unserem Lehrer, der uns bestimmt wieder neue Einblicke in die Welt der Spiritualit\u00e4t, mehr Einsicht und Wissen und praktische Anleitung zum Handeln geben wird.<\/p>\n<p><a href=\"http:\/\/yoga-shri.de\/index.php\/veranstaltungen-in-berlin-und-treffen-mit-shri-prakash-ji-weltweit\/\">Zur\u00fcck zu Veranstaltungen<\/a><\/p>\n","protected":false},"excerpt":{"rendered":"<p>Unser spiritueller Lehrer Shri Prakash Ji besuchte in Begleitung seiner Ehegattin Shrimati Shivani Ji und seines Sohnes Prasun Anfang Mai Berlin. Vom 4. bis zum 6. Mai empfing der Lehrer viele Besucher zu pers\u00f6nlichen Gespr\u00e4chen im Zentrum \u201eShri Prakash Dham e.V.\u201c in Berlin-Lichtenberg. Die M\u00f6glichkeit, einen wahren geistigen Lehrer, einen Sadguru, unter vier Augen zu sprechen, nutzten zahlreiche seiner Anh\u00e4nger und Sch\u00fcler aus Deutschland. Viele kamen mit pers\u00f6nlichen Anliegen zu ihm, um einen Rat in &hellip; <\/p>\n","protected":false},"author":1,"featured_media":0,"parent":113,"menu_order":0,"comment_status":"closed","ping_status":"closed","template":"","meta":{"ngg_post_thumbnail":0},"_links":{"self":[{"href":"http:\/\/yoga-shri.de\/index.php\/wp-json\/wp\/v2\/pages\/1099"}],"collection":[{"href":"http:\/\/yoga-shri.de\/index.php\/wp-json\/wp\/v2\/pages"}],"about":[{"href":"http:\/\/yoga-shri.de\/index.php\/wp-json\/wp\/v2\/types\/page"}],"author":[{"embeddable":true,"href":"http:\/\/yoga-shri.de\/index.php\/wp-json\/wp\/v2\/users\/1"}],"replies":[{"embeddable":true,"href":"http:\/\/yoga-shri.de\/index.php\/wp-json\/wp\/v2\/comments?post=1099"}],"version-history":[{"count":8,"href":"http:\/\/yoga-shri.de\/index.php\/wp-json\/wp\/v2\/pages\/1099\/revisions"}],"predecessor-version":[{"id":1857,"href":"http:\/\/yoga-shri.de\/index.php\/wp-json\/wp\/v2\/pages\/1099\/revisions\/1857"}],"up":[{"embeddable":true,"href":"http:\/\/yoga-shri.de\/index.php\/wp-json\/wp\/v2\/pages\/113"}],"wp:attachment":[{"href":"http:\/\/yoga-shri.de\/index.php\/wp-json\/wp\/v2\/media?parent=1099"}],"curies":[{"name":"wp","href":"https:\/\/api.w.org\/{rel}","templated":true}]}}