{"id":1149,"date":"2020-01-28T12:42:56","date_gmt":"2020-01-28T11:42:56","guid":{"rendered":"http:\/\/localhost\/yogashri\/neu\/online\/?page_id=1149"},"modified":"2020-02-23T22:04:41","modified_gmt":"2020-02-23T21:04:41","slug":"tag-der-offenen-tuer-im-mai-2017","status":"publish","type":"page","link":"http:\/\/yoga-shri.de\/index.php\/veranstaltungen-in-berlin-und-treffen-mit-shri-prakash-ji-weltweit\/tag-der-offenen-tuer-im-mai-2017\/","title":{"rendered":"Tag der offenen T\u00fcr im Mai 2017"},"content":{"rendered":"<!-- default-view.php -->\n<div\n\tclass=\"ngg-galleryoverview default-view \"\n\tid=\"ngg-gallery-b770b9cd7e2816688cf9088de357d833-1\">\n\n\t\t<!-- Thumbnails -->\n\t\t\t\t<div id=\"ngg-image-0\" class=\"ngg-gallery-thumbnail-box \" >\n\t\t\t\t        <div class=\"ngg-gallery-thumbnail\">\n            <a href=\"http:\/\/yoga-shri.de\/wp-content\/gallery\/shri-prakash-ji-besuch-mai-2017\/1.Abb_.-Lange-Nacht-der-Religionen-2017-Vorwort.JPG\"\n               title=\"\"\n               data-src=\"http:\/\/yoga-shri.de\/wp-content\/gallery\/shri-prakash-ji-besuch-mai-2017\/1.Abb_.-Lange-Nacht-der-Religionen-2017-Vorwort.JPG\"\n               data-thumbnail=\"http:\/\/yoga-shri.de\/wp-content\/gallery\/shri-prakash-ji-besuch-mai-2017\/thumbs\/thumbs_1.Abb_.-Lange-Nacht-der-Religionen-2017-Vorwort.JPG\"\n               data-image-id=\"16\"\n               data-title=\"Lange Nacht der Religionen 2017 Vorwort\"\n               data-description=\"\"\n               data-image-slug=\"1-abb_-lange-nacht-der-religionen-2017-vorwort\"\n               class=\"ngg-simplelightbox\" rel=\"b770b9cd7e2816688cf9088de357d833\">\n                <img\n                    title=\"Lange Nacht der Religionen 2017 Vorwort\"\n                    alt=\"Lange Nacht der Religionen 2017 Vorwort\"\n                    src=\"http:\/\/yoga-shri.de\/wp-content\/gallery\/shri-prakash-ji-besuch-mai-2017\/thumbs\/thumbs_1.Abb_.-Lange-Nacht-der-Religionen-2017-Vorwort.JPG\"\n                    width=\"240\"\n                    height=\"160\"\n                    style=\"max-width:100%;\"\n                \/>\n            <\/a>\n        <\/div>\n\t\t\t\t\t\t\t<\/div> \n\t\t\t\n\t\t\t\t<div id=\"ngg-image-1\" class=\"ngg-gallery-thumbnail-box \" >\n\t\t\t\t        <div class=\"ngg-gallery-thumbnail\">\n            <a href=\"http:\/\/yoga-shri.de\/wp-content\/gallery\/shri-prakash-ji-besuch-mai-2017\/2.Abb_.-Tempel-Raum.jpg\"\n               title=\"\"\n               data-src=\"http:\/\/yoga-shri.de\/wp-content\/gallery\/shri-prakash-ji-besuch-mai-2017\/2.Abb_.-Tempel-Raum.jpg\"\n               data-thumbnail=\"http:\/\/yoga-shri.de\/wp-content\/gallery\/shri-prakash-ji-besuch-mai-2017\/thumbs\/thumbs_2.Abb_.-Tempel-Raum.jpg\"\n               data-image-id=\"15\"\n               data-title=\"Tempel Raum\"\n               data-description=\"\"\n               data-image-slug=\"2-abb_-tempel-raum\"\n               class=\"ngg-simplelightbox\" rel=\"b770b9cd7e2816688cf9088de357d833\">\n                <img\n                    title=\"Tempel Raum\"\n                    alt=\"Tempel Raum\"\n                    src=\"http:\/\/yoga-shri.de\/wp-content\/gallery\/shri-prakash-ji-besuch-mai-2017\/thumbs\/thumbs_2.Abb_.-Tempel-Raum.jpg\"\n                    width=\"240\"\n                    height=\"160\"\n                    style=\"max-width:100%;\"\n                \/>\n            <\/a>\n        <\/div>\n\t\t\t\t\t\t\t<\/div> \n\t\t\t\n\t\t\t\t<div id=\"ngg-image-2\" class=\"ngg-gallery-thumbnail-box \" >\n\t\t\t\t        <div class=\"ngg-gallery-thumbnail\">\n            <a href=\"http:\/\/yoga-shri.de\/wp-content\/gallery\/shri-prakash-ji-besuch-mai-2017\/3.Abb_.-Meditation-mit-Shri-Prakash-Ji.jpg\"\n               title=\"\"\n               data-src=\"http:\/\/yoga-shri.de\/wp-content\/gallery\/shri-prakash-ji-besuch-mai-2017\/3.Abb_.-Meditation-mit-Shri-Prakash-Ji.jpg\"\n               data-thumbnail=\"http:\/\/yoga-shri.de\/wp-content\/gallery\/shri-prakash-ji-besuch-mai-2017\/thumbs\/thumbs_3.Abb_.-Meditation-mit-Shri-Prakash-Ji.jpg\"\n               data-image-id=\"14\"\n               data-title=\"Meditation mit Shri Prakash Ji\"\n               data-description=\"\"\n               data-image-slug=\"3-abb_-meditation-mit-shri-prakash-ji\"\n               class=\"ngg-simplelightbox\" rel=\"b770b9cd7e2816688cf9088de357d833\">\n                <img\n                    title=\"Meditation mit Shri Prakash Ji\"\n                    alt=\"Meditation mit Shri Prakash Ji\"\n                    src=\"http:\/\/yoga-shri.de\/wp-content\/gallery\/shri-prakash-ji-besuch-mai-2017\/thumbs\/thumbs_3.Abb_.-Meditation-mit-Shri-Prakash-Ji.jpg\"\n                    width=\"240\"\n                    height=\"160\"\n                    style=\"max-width:100%;\"\n                \/>\n            <\/a>\n        <\/div>\n\t\t\t\t\t\t\t<\/div> \n\t\t\t\n\t\t\t\t<div id=\"ngg-image-3\" class=\"ngg-gallery-thumbnail-box \" >\n\t\t\t\t        <div class=\"ngg-gallery-thumbnail\">\n            <a href=\"http:\/\/yoga-shri.de\/wp-content\/gallery\/shri-prakash-ji-besuch-mai-2017\/4.Abb_.-Satsang-in-Berlin-25.-Mai-2017.JPG\"\n               title=\"\"\n               data-src=\"http:\/\/yoga-shri.de\/wp-content\/gallery\/shri-prakash-ji-besuch-mai-2017\/4.Abb_.-Satsang-in-Berlin-25.-Mai-2017.JPG\"\n               data-thumbnail=\"http:\/\/yoga-shri.de\/wp-content\/gallery\/shri-prakash-ji-besuch-mai-2017\/thumbs\/thumbs_4.Abb_.-Satsang-in-Berlin-25.-Mai-2017.JPG\"\n               data-image-id=\"13\"\n               data-title=\"Satsang in Berlin 25.-Mai 2017\"\n               data-description=\"\"\n               data-image-slug=\"4-abb_-satsang-in-berlin-25-mai-2017\"\n               class=\"ngg-simplelightbox\" rel=\"b770b9cd7e2816688cf9088de357d833\">\n                <img\n                    title=\"Satsang in Berlin 25.-Mai 2017\"\n                    alt=\"Satsang in Berlin 25.-Mai 2017\"\n                    src=\"http:\/\/yoga-shri.de\/wp-content\/gallery\/shri-prakash-ji-besuch-mai-2017\/thumbs\/thumbs_4.Abb_.-Satsang-in-Berlin-25.-Mai-2017.JPG\"\n                    width=\"240\"\n                    height=\"160\"\n                    style=\"max-width:100%;\"\n                \/>\n            <\/a>\n        <\/div>\n\t\t\t\t\t\t\t<\/div> \n\t\t\t\n\t\t\t\t<div id=\"ngg-image-4\" class=\"ngg-gallery-thumbnail-box \" >\n\t\t\t\t        <div class=\"ngg-gallery-thumbnail\">\n            <a href=\"http:\/\/yoga-shri.de\/wp-content\/gallery\/shri-prakash-ji-besuch-mai-2017\/5.Abb_.-Satsang-in-Berlin-Mai-2017.JPG\"\n               title=\"\"\n               data-src=\"http:\/\/yoga-shri.de\/wp-content\/gallery\/shri-prakash-ji-besuch-mai-2017\/5.Abb_.-Satsang-in-Berlin-Mai-2017.JPG\"\n               data-thumbnail=\"http:\/\/yoga-shri.de\/wp-content\/gallery\/shri-prakash-ji-besuch-mai-2017\/thumbs\/thumbs_5.Abb_.-Satsang-in-Berlin-Mai-2017.JPG\"\n               data-image-id=\"12\"\n               data-title=\"Satsang in Berlin Mai 2017\"\n               data-description=\"\"\n               data-image-slug=\"5-abb_-satsang-in-berlin-mai-2017\"\n               class=\"ngg-simplelightbox\" rel=\"b770b9cd7e2816688cf9088de357d833\">\n                <img\n                    title=\"Satsang in Berlin Mai 2017\"\n                    alt=\"Satsang in Berlin Mai 2017\"\n                    src=\"http:\/\/yoga-shri.de\/wp-content\/gallery\/shri-prakash-ji-besuch-mai-2017\/thumbs\/thumbs_5.Abb_.-Satsang-in-Berlin-Mai-2017.JPG\"\n                    width=\"240\"\n                    height=\"160\"\n                    style=\"max-width:100%;\"\n                \/>\n            <\/a>\n        <\/div>\n\t\t\t\t\t\t\t<\/div> \n\t\t\t\n\t\t\t\t<div id=\"ngg-image-5\" class=\"ngg-gallery-thumbnail-box \" >\n\t\t\t\t        <div class=\"ngg-gallery-thumbnail\">\n            <a href=\"http:\/\/yoga-shri.de\/wp-content\/gallery\/shri-prakash-ji-besuch-mai-2017\/6.Abb_.-Shri-Prakash-Ji-in-Berlin-Mai-2017.JPG\"\n               title=\"\"\n               data-src=\"http:\/\/yoga-shri.de\/wp-content\/gallery\/shri-prakash-ji-besuch-mai-2017\/6.Abb_.-Shri-Prakash-Ji-in-Berlin-Mai-2017.JPG\"\n               data-thumbnail=\"http:\/\/yoga-shri.de\/wp-content\/gallery\/shri-prakash-ji-besuch-mai-2017\/thumbs\/thumbs_6.Abb_.-Shri-Prakash-Ji-in-Berlin-Mai-2017.JPG\"\n               data-image-id=\"11\"\n               data-title=\"Shri Prakash Ji in Berlin Mai 2017\"\n               data-description=\"\"\n               data-image-slug=\"6-abb_-shri-prakash-ji-in-berlin-mai-2017\"\n               class=\"ngg-simplelightbox\" rel=\"b770b9cd7e2816688cf9088de357d833\">\n                <img\n                    title=\"Shri Prakash Ji in Berlin Mai 2017\"\n                    alt=\"Shri Prakash Ji in Berlin Mai 2017\"\n                    src=\"http:\/\/yoga-shri.de\/wp-content\/gallery\/shri-prakash-ji-besuch-mai-2017\/thumbs\/thumbs_6.Abb_.-Shri-Prakash-Ji-in-Berlin-Mai-2017.JPG\"\n                    width=\"240\"\n                    height=\"160\"\n                    style=\"max-width:100%;\"\n                \/>\n            <\/a>\n        <\/div>\n\t\t\t\t\t\t\t<\/div> \n\t\t\t\n\t\n\t<br style=\"clear: both\" \/>\n\n\t\n\t\t<!-- Pagination -->\n\t<div class='ngg-clear'><\/div>\t<\/div>\n\n<section class=\"ce_text block\">\n<h5>R\u00fcckblick auf den Besuch von Shri Prakash Ji im Mai 2017<\/h5>\n<p>Im Mai 2017 war der spirituelle Lehrer Shri Prakash Ji zum wiederholten Mal zu Besuch in Berlin. Sein Besuch fiel diesmal mit der Langen Nacht der Religionen zusammen, die in diesem Jahr am 25. Mai gefeiert wurde.<\/p>\n<p><strong>Tag der offenen T\u00fcr<\/strong><\/p>\n<p>Zur Langen Nacht der Religionen \u00f6ffnen \u00fcber 100 Gebetsh\u00e4user und Meditationszentren verschiedener Religionsgemeinschaften und interreligi\u00f6ser Vereinigungen ihre T\u00fcren, um die Begegnung zwischen Menschen unterschiedlicher Religionszugeh\u00f6rigkeit und interessierter Besucher zu erm\u00f6glichen. Das hilft den Menschen in den Dialog zu treten und die Vorurteile abzubauen. Eines der Ziele von den verschiedenen Veranstaltungen dieses Festes ist es Br\u00fccken zum gegenseitigen Verst\u00e4ndnis zwischen den Angeh\u00f6rigen der verschiedenen Glaubensgemeinschaften zu schaffen.<\/p>\n<p>Zur Langen Nacht der Religionen besuchten viele G\u00e4ste das Meditationszentrum Shri Prakash Dham e.V. Sie kamen aus ganz Berlin und dar\u00fcber hinaus. Auch aus anderen L\u00e4ndern reisten G\u00e4ste an, um das Highlight der Langen Nacht nicht zu verpassen.<\/p>\n<p>Denn an diesem besonderen Tag hatten wir die Ehre Shri Prakash Ji in unserem Zentrum zu begr\u00fc\u00dfen.&nbsp;<\/p>\n<p>Zur Einstimmung f\u00fchrte er eine stille Meditation durch. Danach sprach er in seinem Vortrag (Satsang) \u00fcber die Spiritualit\u00e4t in den Religionen und die Bedeutung der spirituellen Praxis in unserem Leben. Anschlie\u00dfend wurde in Dankbarkeit das Aarti gesungen. Danach reichte Shri Prakash Ji allen Anwesenden Prasad (gesegnete Fr\u00fcchte) aus.<\/p>\n<p>In der Veranstaltungspause, konnten die G\u00e4ste ihre Geschmackssinne an den vegetarischen S\u00fc\u00dfigkeiten erfreuen und sich zu spirituellen Themen austauschen.<\/p>\n<p>Zum Abschluss des sch\u00f6nen Abends wurden Bhajans und Mantras gesungen, die von indischen und europ\u00e4ischen Musikinstrumenten begleitet wurden. Zu Gast beim Shri Prakash Dham e.V. waren&nbsp;Babua Pahari, der auf Fl\u00f6te die Bhajans begleitet hat und&nbsp;Debjit Pahari Shilu, der auf Tabla den Rhythmus angegeben hatte. Die wundersch\u00f6ne Musik und das Singen der heiligen Mantras schafften eine inspirierende und harmonische Atmosph\u00e4re. Alle Besucher und Mitglieder des Vereins haben mitgesungen und konnten gar nicht aufh\u00f6ren. Aber es hie\u00df auch nicht umsonst die &#8222;Lange Nacht der Religionen&#8220;.<\/p>\n<p><strong>Pers\u00f6nliche Treffen<\/strong><\/p>\n<p>W\u00e4hrend des Besuchs vom spirituellen Lehrer Shri Prakash Ji gab es an einigen Tagen die M\u00f6glichkeit f\u00fcr jeden, der es sich w\u00fcnschte, zum pers\u00f6nlichen Treffen mit dem Lehrer zu kommen. Der eine kam, um sich ein Rat einzuholen, der andere um Hilfe oder Segen zu erhalten und manche kamen einfach nur um ihre Dankbarkeit dem Lehrer entgegen zu bringen.<\/p>\n<p>Shri Prakash Ji geht als Lehrer auf jeden Menschen individuell ein. Wenn er einem Menschen einmal eine Praxis zur geistigen Entwicklung gegeben hat, dann f\u00fchrt er diesen Menschen in Zukunft immer weiter: er ber\u00e4t ihn im Einklang mit den famili\u00e4ren Verh\u00e4ltnissen, dem Alter, dem Gesundheitszustand, der Arbeit und dem Stand seiner spirituellen Vervollkommnung.<\/p>\n<p><strong>Spaziergang mit Shri Prakash Ji<\/strong><\/p>\n<p><img decoding=\"async\" loading=\"lazy\" class=\"alignleft wp-image-1157\" src=\"http:\/\/localhost\/yogashri\/neu\/online\/wp-content\/uploads\/2020\/01\/Spree-am-Treptower-Park.jpg\" alt=\"\" width=\"334\" height=\"223\" srcset=\"http:\/\/yoga-shri.de\/wp-content\/uploads\/2020\/01\/Spree-am-Treptower-Park.jpg 800w, http:\/\/yoga-shri.de\/wp-content\/uploads\/2020\/01\/Spree-am-Treptower-Park-300x200.jpg 300w, http:\/\/yoga-shri.de\/wp-content\/uploads\/2020\/01\/Spree-am-Treptower-Park-768x513.jpg 768w, http:\/\/yoga-shri.de\/wp-content\/uploads\/2020\/01\/Spree-am-Treptower-Park-700x465.jpg 700w\" sizes=\"(max-width: 334px) 100vw, 334px\" \/>Zum Abschluss des Besuchs unternahm Shri Prakash Ji zusammen mit seinen Sch\u00fclern einen Spaziergang durch den Treptower Park, ein Gartendenkmal und eine Erholungsanlage. Eine Sehensw\u00fcrdigkeit in diesem Park ist das sowjetische Ehrenmal, eine Gedenkst\u00e4tte f\u00fcr die im Zweiten Weltkrieg gefallenen sowjetischen Soldaten. Die gro\u00dfen Monumente erinnern an die viele Jahre zur\u00fcckliegende Ereignisse, die auf dieser Erde einst stattgefunden haben.<\/p>\n<p>Shri Prakash Ji sagte: &#8222;M\u00f6gen alle Kriege in der Vergangenheit bleiben. M\u00f6ge in der Welt immer Harmonie, Liebe und gegenseitiger Respekt unter den Menschen herrschen. Von meiner Seite aus werde ich immer daf\u00fcr beten und das vom ganzen Herzen w\u00fcnschen.&#8220;<\/p>\n<p>&nbsp;<\/p>\n<p><!-- default-view.php -->\n<div\n\tclass=\"ngg-galleryoverview default-view \"\n\tid=\"ngg-gallery-28a3db92cdbd5417375f842d9e9083a6-1\">\n\n\t\t<!-- Thumbnails -->\n\t\t\t\t<div id=\"ngg-image-0\" class=\"ngg-gallery-thumbnail-box \" >\n\t\t\t\t        <div class=\"ngg-gallery-thumbnail\">\n            <a href=\"http:\/\/yoga-shri.de\/wp-content\/gallery\/mai-2017\/16.Abb_.-Vor-dem-Meditationszentrum-Mai-2017.JPG\"\n               title=\"\"\n               data-src=\"http:\/\/yoga-shri.de\/wp-content\/gallery\/mai-2017\/16.Abb_.-Vor-dem-Meditationszentrum-Mai-2017.JPG\"\n               data-thumbnail=\"http:\/\/yoga-shri.de\/wp-content\/gallery\/mai-2017\/thumbs\/thumbs_16.Abb_.-Vor-dem-Meditationszentrum-Mai-2017.JPG\"\n               data-image-id=\"17\"\n               data-title=\"Vor dem Meditationszentrum Mai-2017\"\n               data-description=\"\"\n               data-image-slug=\"16-abb_-vor-dem-meditationszentrum-mai-2017\"\n               class=\"ngg-simplelightbox\" rel=\"28a3db92cdbd5417375f842d9e9083a6\">\n                <img\n                    title=\"Vor dem Meditationszentrum Mai-2017\"\n                    alt=\"Vor dem Meditationszentrum Mai-2017\"\n                    src=\"http:\/\/yoga-shri.de\/wp-content\/gallery\/mai-2017\/thumbs\/thumbs_16.Abb_.-Vor-dem-Meditationszentrum-Mai-2017.JPG\"\n                    width=\"240\"\n                    height=\"160\"\n                    style=\"max-width:100%;\"\n                \/>\n            <\/a>\n        <\/div>\n\t\t\t\t\t\t\t<\/div> \n\t\t\t\n\t\t\t\t<div id=\"ngg-image-1\" class=\"ngg-gallery-thumbnail-box \" >\n\t\t\t\t        <div class=\"ngg-gallery-thumbnail\">\n            <a href=\"http:\/\/yoga-shri.de\/wp-content\/gallery\/mai-2017\/15.Abb_.-Spaziergang-im-Treptower-Park-Mai-2017.JPG\"\n               title=\"\"\n               data-src=\"http:\/\/yoga-shri.de\/wp-content\/gallery\/mai-2017\/15.Abb_.-Spaziergang-im-Treptower-Park-Mai-2017.JPG\"\n               data-thumbnail=\"http:\/\/yoga-shri.de\/wp-content\/gallery\/mai-2017\/thumbs\/thumbs_15.Abb_.-Spaziergang-im-Treptower-Park-Mai-2017.JPG\"\n               data-image-id=\"18\"\n               data-title=\"Spaziergang im Treptower Park Mai 2017\"\n               data-description=\"\"\n               data-image-slug=\"15-abb_-spaziergang-im-treptower-park-mai-2017\"\n               class=\"ngg-simplelightbox\" rel=\"28a3db92cdbd5417375f842d9e9083a6\">\n                <img\n                    title=\"Spaziergang im Treptower Park Mai 2017\"\n                    alt=\"Spaziergang im Treptower Park Mai 2017\"\n                    src=\"http:\/\/yoga-shri.de\/wp-content\/gallery\/mai-2017\/thumbs\/thumbs_15.Abb_.-Spaziergang-im-Treptower-Park-Mai-2017.JPG\"\n                    width=\"240\"\n                    height=\"160\"\n                    style=\"max-width:100%;\"\n                \/>\n            <\/a>\n        <\/div>\n\t\t\t\t\t\t\t<\/div> \n\t\t\t\n\t\t\t\t<div id=\"ngg-image-2\" class=\"ngg-gallery-thumbnail-box \" >\n\t\t\t\t        <div class=\"ngg-gallery-thumbnail\">\n            <a href=\"http:\/\/yoga-shri.de\/wp-content\/gallery\/mai-2017\/14.Abb_.-Spaziergang-mit-Guru-Ji-Mai-2017.JPG\"\n               title=\"\"\n               data-src=\"http:\/\/yoga-shri.de\/wp-content\/gallery\/mai-2017\/14.Abb_.-Spaziergang-mit-Guru-Ji-Mai-2017.JPG\"\n               data-thumbnail=\"http:\/\/yoga-shri.de\/wp-content\/gallery\/mai-2017\/thumbs\/thumbs_14.Abb_.-Spaziergang-mit-Guru-Ji-Mai-2017.JPG\"\n               data-image-id=\"19\"\n               data-title=\"Spaziergang mit Guru Ji Mai 2017\"\n               data-description=\"\"\n               data-image-slug=\"14-abb_-spaziergang-mit-guru-ji-mai-2017\"\n               class=\"ngg-simplelightbox\" rel=\"28a3db92cdbd5417375f842d9e9083a6\">\n                <img\n                    title=\"Spaziergang mit Guru Ji Mai 2017\"\n                    alt=\"Spaziergang mit Guru Ji Mai 2017\"\n                    src=\"http:\/\/yoga-shri.de\/wp-content\/gallery\/mai-2017\/thumbs\/thumbs_14.Abb_.-Spaziergang-mit-Guru-Ji-Mai-2017.JPG\"\n                    width=\"240\"\n                    height=\"160\"\n                    style=\"max-width:100%;\"\n                \/>\n            <\/a>\n        <\/div>\n\t\t\t\t\t\t\t<\/div> \n\t\t\t\n\t\t\t\t<div id=\"ngg-image-3\" class=\"ngg-gallery-thumbnail-box \" >\n\t\t\t\t        <div class=\"ngg-gallery-thumbnail\">\n            <a href=\"http:\/\/yoga-shri.de\/wp-content\/gallery\/mai-2017\/13.Abb_.-Spaziergang-mit-Guru-Ji-an-der-Spree-im-Mai-2017.jpg\"\n               title=\"\"\n               data-src=\"http:\/\/yoga-shri.de\/wp-content\/gallery\/mai-2017\/13.Abb_.-Spaziergang-mit-Guru-Ji-an-der-Spree-im-Mai-2017.jpg\"\n               data-thumbnail=\"http:\/\/yoga-shri.de\/wp-content\/gallery\/mai-2017\/thumbs\/thumbs_13.Abb_.-Spaziergang-mit-Guru-Ji-an-der-Spree-im-Mai-2017.jpg\"\n               data-image-id=\"20\"\n               data-title=\"Spaziergang mit Guru Ji an der Spree im Mai-2017\"\n               data-description=\"\"\n               data-image-slug=\"13-abb_-spaziergang-mit-guru-ji-an-der-spree-im-mai-2017\"\n               class=\"ngg-simplelightbox\" rel=\"28a3db92cdbd5417375f842d9e9083a6\">\n                <img\n                    title=\"Spaziergang mit Guru Ji an der Spree im Mai-2017\"\n                    alt=\"Spaziergang mit Guru Ji an der Spree im Mai-2017\"\n                    src=\"http:\/\/yoga-shri.de\/wp-content\/gallery\/mai-2017\/thumbs\/thumbs_13.Abb_.-Spaziergang-mit-Guru-Ji-an-der-Spree-im-Mai-2017.jpg\"\n                    width=\"240\"\n                    height=\"160\"\n                    style=\"max-width:100%;\"\n                \/>\n            <\/a>\n        <\/div>\n\t\t\t\t\t\t\t<\/div> \n\t\t\t\n\t\t\t\t<div id=\"ngg-image-4\" class=\"ngg-gallery-thumbnail-box \" >\n\t\t\t\t        <div class=\"ngg-gallery-thumbnail\">\n            <a href=\"http:\/\/yoga-shri.de\/wp-content\/gallery\/mai-2017\/12.Abb_.-Indische-Musiker-spielen-auf-Tabla-und-Floete.JPG\"\n               title=\"\"\n               data-src=\"http:\/\/yoga-shri.de\/wp-content\/gallery\/mai-2017\/12.Abb_.-Indische-Musiker-spielen-auf-Tabla-und-Floete.JPG\"\n               data-thumbnail=\"http:\/\/yoga-shri.de\/wp-content\/gallery\/mai-2017\/thumbs\/thumbs_12.Abb_.-Indische-Musiker-spielen-auf-Tabla-und-Floete.JPG\"\n               data-image-id=\"21\"\n               data-title=\"Indische Musiker spielen auf Tabla und Floete\"\n               data-description=\"\"\n               data-image-slug=\"12-abb_-indische-musiker-spielen-auf-tabla-und-floete\"\n               class=\"ngg-simplelightbox\" rel=\"28a3db92cdbd5417375f842d9e9083a6\">\n                <img\n                    title=\"Indische Musiker spielen auf Tabla und Floete\"\n                    alt=\"Indische Musiker spielen auf Tabla und Floete\"\n                    src=\"http:\/\/yoga-shri.de\/wp-content\/gallery\/mai-2017\/thumbs\/thumbs_12.Abb_.-Indische-Musiker-spielen-auf-Tabla-und-Floete.JPG\"\n                    width=\"240\"\n                    height=\"160\"\n                    style=\"max-width:100%;\"\n                \/>\n            <\/a>\n        <\/div>\n\t\t\t\t\t\t\t<\/div> \n\t\t\t\n\t\t\t\t<div id=\"ngg-image-5\" class=\"ngg-gallery-thumbnail-box \" >\n\t\t\t\t        <div class=\"ngg-gallery-thumbnail\">\n            <a href=\"http:\/\/yoga-shri.de\/wp-content\/gallery\/mai-2017\/11.Abb_.-Mantra-Singen-zur-Langen-Nacht-der-Religionen-Mai-2017.JPG\"\n               title=\"\"\n               data-src=\"http:\/\/yoga-shri.de\/wp-content\/gallery\/mai-2017\/11.Abb_.-Mantra-Singen-zur-Langen-Nacht-der-Religionen-Mai-2017.JPG\"\n               data-thumbnail=\"http:\/\/yoga-shri.de\/wp-content\/gallery\/mai-2017\/thumbs\/thumbs_11.Abb_.-Mantra-Singen-zur-Langen-Nacht-der-Religionen-Mai-2017.JPG\"\n               data-image-id=\"22\"\n               data-title=\"Mantra-Singen zur Langen Nacht der Religionen Mai-2017\"\n               data-description=\"\"\n               data-image-slug=\"11-abb_-mantra-singen-zur-langen-nacht-der-religionen-mai-2017\"\n               class=\"ngg-simplelightbox\" rel=\"28a3db92cdbd5417375f842d9e9083a6\">\n                <img\n                    title=\"Mantra-Singen zur Langen Nacht der Religionen Mai-2017\"\n                    alt=\"Mantra-Singen zur Langen Nacht der Religionen Mai-2017\"\n                    src=\"http:\/\/yoga-shri.de\/wp-content\/gallery\/mai-2017\/thumbs\/thumbs_11.Abb_.-Mantra-Singen-zur-Langen-Nacht-der-Religionen-Mai-2017.JPG\"\n                    width=\"240\"\n                    height=\"160\"\n                    style=\"max-width:100%;\"\n                \/>\n            <\/a>\n        <\/div>\n\t\t\t\t\t\t\t<\/div> \n\t\t\t\n\t\t\t\t<div id=\"ngg-image-6\" class=\"ngg-gallery-thumbnail-box \" >\n\t\t\t\t        <div class=\"ngg-gallery-thumbnail\">\n            <a href=\"http:\/\/yoga-shri.de\/wp-content\/gallery\/mai-2017\/8.Abb_.-Vegetarische-Koestlichkeiten.jpg\"\n               title=\"\"\n               data-src=\"http:\/\/yoga-shri.de\/wp-content\/gallery\/mai-2017\/8.Abb_.-Vegetarische-Koestlichkeiten.jpg\"\n               data-thumbnail=\"http:\/\/yoga-shri.de\/wp-content\/gallery\/mai-2017\/thumbs\/thumbs_8.Abb_.-Vegetarische-Koestlichkeiten.jpg\"\n               data-image-id=\"23\"\n               data-title=\"Vegetarische Koestlichkeiten\"\n               data-description=\"\"\n               data-image-slug=\"8-abb_-vegetarische-koestlichkeiten\"\n               class=\"ngg-simplelightbox\" rel=\"28a3db92cdbd5417375f842d9e9083a6\">\n                <img\n                    title=\"Vegetarische Koestlichkeiten\"\n                    alt=\"Vegetarische Koestlichkeiten\"\n                    src=\"http:\/\/yoga-shri.de\/wp-content\/gallery\/mai-2017\/thumbs\/thumbs_8.Abb_.-Vegetarische-Koestlichkeiten.jpg\"\n                    width=\"240\"\n                    height=\"160\"\n                    style=\"max-width:100%;\"\n                \/>\n            <\/a>\n        <\/div>\n\t\t\t\t\t\t\t<\/div> \n\t\t\t\n\t\t\t\t<div id=\"ngg-image-7\" class=\"ngg-gallery-thumbnail-box \" >\n\t\t\t\t        <div class=\"ngg-gallery-thumbnail\">\n            <a href=\"http:\/\/yoga-shri.de\/wp-content\/gallery\/mai-2017\/7.Abb-Teepause-zum-Tag-der-Offenen-Tuer-Mai-2017.JPG\"\n               title=\"\"\n               data-src=\"http:\/\/yoga-shri.de\/wp-content\/gallery\/mai-2017\/7.Abb-Teepause-zum-Tag-der-Offenen-Tuer-Mai-2017.JPG\"\n               data-thumbnail=\"http:\/\/yoga-shri.de\/wp-content\/gallery\/mai-2017\/thumbs\/thumbs_7.Abb-Teepause-zum-Tag-der-Offenen-Tuer-Mai-2017.JPG\"\n               data-image-id=\"24\"\n               data-title=\"Teepause zum Tag der Offenen Tuer Mai-2017\"\n               data-description=\"\"\n               data-image-slug=\"7-abb-teepause-zum-tag-der-offenen-tuer-mai-2017\"\n               class=\"ngg-simplelightbox\" rel=\"28a3db92cdbd5417375f842d9e9083a6\">\n                <img\n                    title=\"Teepause zum Tag der Offenen Tuer Mai-2017\"\n                    alt=\"Teepause zum Tag der Offenen Tuer Mai-2017\"\n                    src=\"http:\/\/yoga-shri.de\/wp-content\/gallery\/mai-2017\/thumbs\/thumbs_7.Abb-Teepause-zum-Tag-der-Offenen-Tuer-Mai-2017.JPG\"\n                    width=\"240\"\n                    height=\"160\"\n                    style=\"max-width:100%;\"\n                \/>\n            <\/a>\n        <\/div>\n\t\t\t\t\t\t\t<\/div> \n\t\t\t\n\t\n\t<br style=\"clear: both\" \/>\n\n\t\n\t\t<!-- Pagination -->\n\t<div class='ngg-clear'><\/div>\t<\/div>\n<br \/>\n<a href=\"http:\/\/yoga-shri.de\/index.php\/veranstaltungen-in-berlin-und-treffen-mit-shri-prakash-ji-weltweit\/\">zur\u00fcck zu Veranstaltungen<\/a><\/p>\n<\/section>\n","protected":false},"excerpt":{"rendered":"<p>R\u00fcckblick auf den Besuch von Shri Prakash Ji im Mai 2017 Im Mai 2017 war der spirituelle Lehrer Shri Prakash Ji zum wiederholten Mal zu Besuch in Berlin. Sein Besuch fiel diesmal mit der Langen Nacht der Religionen zusammen, die in diesem Jahr am 25. Mai gefeiert wurde. Tag der offenen T\u00fcr Zur Langen Nacht der Religionen \u00f6ffnen \u00fcber 100 Gebetsh\u00e4user und Meditationszentren verschiedener Religionsgemeinschaften und interreligi\u00f6ser Vereinigungen ihre T\u00fcren, um die Begegnung zwischen Menschen &hellip; <\/p>\n","protected":false},"author":1,"featured_media":0,"parent":113,"menu_order":0,"comment_status":"closed","ping_status":"closed","template":"","meta":{"ngg_post_thumbnail":0},"_links":{"self":[{"href":"http:\/\/yoga-shri.de\/index.php\/wp-json\/wp\/v2\/pages\/1149"}],"collection":[{"href":"http:\/\/yoga-shri.de\/index.php\/wp-json\/wp\/v2\/pages"}],"about":[{"href":"http:\/\/yoga-shri.de\/index.php\/wp-json\/wp\/v2\/types\/page"}],"author":[{"embeddable":true,"href":"http:\/\/yoga-shri.de\/index.php\/wp-json\/wp\/v2\/users\/1"}],"replies":[{"embeddable":true,"href":"http:\/\/yoga-shri.de\/index.php\/wp-json\/wp\/v2\/comments?post=1149"}],"version-history":[{"count":8,"href":"http:\/\/yoga-shri.de\/index.php\/wp-json\/wp\/v2\/pages\/1149\/revisions"}],"predecessor-version":[{"id":1860,"href":"http:\/\/yoga-shri.de\/index.php\/wp-json\/wp\/v2\/pages\/1149\/revisions\/1860"}],"up":[{"embeddable":true,"href":"http:\/\/yoga-shri.de\/index.php\/wp-json\/wp\/v2\/pages\/113"}],"wp:attachment":[{"href":"http:\/\/yoga-shri.de\/index.php\/wp-json\/wp\/v2\/media?parent=1149"}],"curies":[{"name":"wp","href":"https:\/\/api.w.org\/{rel}","templated":true}]}}