{"id":1191,"date":"2020-01-28T22:39:42","date_gmt":"2020-01-28T21:39:42","guid":{"rendered":"http:\/\/localhost\/yogashri\/neu\/online\/?page_id=1191"},"modified":"2020-02-23T22:05:31","modified_gmt":"2020-02-23T21:05:31","slug":"gesundes-sonntagsessen-einfach-ausgewogen-und-exotisch","status":"publish","type":"page","link":"http:\/\/yoga-shri.de\/index.php\/veranstaltungen-in-berlin-und-treffen-mit-shri-prakash-ji-weltweit\/gesundes-sonntagsessen-einfach-ausgewogen-und-exotisch\/","title":{"rendered":"Gesundes Sonntagsessen &#8211; einfach, ausgewogen und exotisch"},"content":{"rendered":"<div><strong>Eindr\u00fccke von dem kulinarischen Nachmittag am 19.06.2016 zum Thema ausgewogene vegetarische Ern\u00e4hrung<\/strong><\/div>\n<div>&nbsp;<\/div>\n<div>Der Nachmittag wurde mit einer gemeinsamen Mantra-Meditation er\u00f6ffnet, in der wir unseren Geist sammelten, um uns auf das Wesentliche zu konzentrieren und die Ruhe und Freude zu sp\u00fcren, die uns innewohnt.<\/div>\n<div>&nbsp;<\/div>\n<div>Danach erlebten wir, wie einfach ein gesundes, ausgewogenes und exotisches Essen zubereitet werden kann.<\/div>\n<div>Bei dem umfangreichen vegetarischen Men\u00fc war f\u00fcr jeden Geschmack etwas dabei: von mild bis herzhaft-w\u00fcrzig sowie s\u00fc\u00df und fruchtig.<\/div>\n<div>Die vielf\u00e4ltigen Lebensmittel zeigten uns das gro\u00dfe Angebot von Mutter Natur f\u00fcr eine lakto-vegetarische Ern\u00e4hrung: verschiedene Getreide, Gem\u00fcse, H\u00fclsenfr\u00fcchte, Milch- und Sauermilchprodukte sowie Fr\u00fcchte.<img decoding=\"async\" loading=\"lazy\" class=\" wp-image-1192 alignright\" src=\"http:\/\/localhost\/yogashri\/neu\/online\/wp-content\/uploads\/2020\/01\/Vegetarisches-Sonntagsessen-Praesentation.jpg\" alt=\"\" width=\"362\" height=\"241\" srcset=\"http:\/\/yoga-shri.de\/wp-content\/uploads\/2020\/01\/Vegetarisches-Sonntagsessen-Praesentation.jpg 800w, http:\/\/yoga-shri.de\/wp-content\/uploads\/2020\/01\/Vegetarisches-Sonntagsessen-Praesentation-300x200.jpg 300w, http:\/\/yoga-shri.de\/wp-content\/uploads\/2020\/01\/Vegetarisches-Sonntagsessen-Praesentation-768x512.jpg 768w, http:\/\/yoga-shri.de\/wp-content\/uploads\/2020\/01\/Vegetarisches-Sonntagsessen-Praesentation-700x465.jpg 700w\" sizes=\"(max-width: 362px) 100vw, 362px\" \/><\/div>\n<div>Es wurde ged\u00fcnstet, gebraten, gegrillt, gemixt und Rohkost zubereitet.<br \/>\n&nbsp;<\/div>\n<div>Die Zuh\u00f6rer erwiesen sich als aufmerksam: als die K\u00f6chin beim Hauptgericht das Salz vergessen hatte, konnte dies noch rechtzeitig nachgeholt werden. Es wurden viele Gew\u00fcrze vorgestellt, die eine gesundheitsf\u00f6rdernde Wirkung haben und sehr schmackhaft sind.<\/div>\n<div>&nbsp;<\/div>\n<div>Nachdem einige Geheimnisse der vegetarischen K\u00fcche gel\u00fcftet, und die Speisen mit der tatkr\u00e4ftigen Unterst\u00fctzung der Teilnehmer zubereitet waren, genossen wir alle gemeinsam ein Festmahl.<\/div>\n<div>Einige waren sehr \u00fcberrascht und mussten zugeben, dass pflanzliche Kost im Geschmack den Fisch- und Fleischgerichten in nichts nachstehen muss.<\/div>\n<div>&nbsp;<\/div>\n<div>Am Ende dieses lehrreichen Nachmittages konnte jeder inspiriert, satt und zufrieden den Heimweg antreten.<\/div>\n<div>Rezepte finden Sie <a href=\"http:\/\/localhost\/yogashri\/neu\/online\/index.php\/gesunde-ernaehrung\/rezepte\/\">hier<\/a><\/div>\n<div>&nbsp;<\/div>\n<div align=\"center\"><!-- default-view.php -->\n<div\n\tclass=\"ngg-galleryoverview default-view \"\n\tid=\"ngg-gallery-d414fe7010d090c8c3e115168b50bbc3-1\">\n\n\t\t<!-- Thumbnails -->\n\t\t\t\t<div id=\"ngg-image-0\" class=\"ngg-gallery-thumbnail-box \" >\n\t\t\t\t        <div class=\"ngg-gallery-thumbnail\">\n            <a href=\"http:\/\/yoga-shri.de\/wp-content\/gallery\/vegetarisches-sonntagsessen\/Vegetarisches-Sonntagessen.jpg\"\n               title=\"\"\n               data-src=\"http:\/\/yoga-shri.de\/wp-content\/gallery\/vegetarisches-sonntagsessen\/Vegetarisches-Sonntagessen.jpg\"\n               data-thumbnail=\"http:\/\/yoga-shri.de\/wp-content\/gallery\/vegetarisches-sonntagsessen\/thumbs\/thumbs_Vegetarisches-Sonntagessen.jpg\"\n               data-image-id=\"34\"\n               data-title=\"Vegetarisches Sonntagsessen\"\n               data-description=\"\"\n               data-image-slug=\"vegetarisches-sonntagessen\"\n               class=\"ngg-simplelightbox\" rel=\"d414fe7010d090c8c3e115168b50bbc3\">\n                <img\n                    title=\"Vegetarisches Sonntagsessen\"\n                    alt=\"Vegetarisches Sonntagsessen\"\n                    src=\"http:\/\/yoga-shri.de\/wp-content\/gallery\/vegetarisches-sonntagsessen\/thumbs\/thumbs_Vegetarisches-Sonntagessen.jpg\"\n                    width=\"240\"\n                    height=\"160\"\n                    style=\"max-width:100%;\"\n                \/>\n            <\/a>\n        <\/div>\n\t\t\t\t\t\t\t<\/div> \n\t\t\t\n\t\t\t\t<div id=\"ngg-image-1\" class=\"ngg-gallery-thumbnail-box \" >\n\t\t\t\t        <div class=\"ngg-gallery-thumbnail\">\n            <a href=\"http:\/\/yoga-shri.de\/wp-content\/gallery\/vegetarisches-sonntagsessen\/Vegetarisches-Sonntagsessen-Gemuese.jpg\"\n               title=\"\"\n               data-src=\"http:\/\/yoga-shri.de\/wp-content\/gallery\/vegetarisches-sonntagsessen\/Vegetarisches-Sonntagsessen-Gemuese.jpg\"\n               data-thumbnail=\"http:\/\/yoga-shri.de\/wp-content\/gallery\/vegetarisches-sonntagsessen\/thumbs\/thumbs_Vegetarisches-Sonntagsessen-Gemuese.jpg\"\n               data-image-id=\"27\"\n               data-title=\"Vegetarisches Sonntagsessen Grill Gemuese\"\n               data-description=\"\"\n               data-image-slug=\"vegetarisches-sonntagsessen-gemuese\"\n               class=\"ngg-simplelightbox\" rel=\"d414fe7010d090c8c3e115168b50bbc3\">\n                <img\n                    title=\"Vegetarisches Sonntagsessen Grill Gemuese\"\n                    alt=\"Vegetarisches Sonntagsessen Grill Gemuese\"\n                    src=\"http:\/\/yoga-shri.de\/wp-content\/gallery\/vegetarisches-sonntagsessen\/thumbs\/thumbs_Vegetarisches-Sonntagsessen-Gemuese.jpg\"\n                    width=\"240\"\n                    height=\"160\"\n                    style=\"max-width:100%;\"\n                \/>\n            <\/a>\n        <\/div>\n\t\t\t\t\t\t\t<\/div> \n\t\t\t\n\t\t\t\t<div id=\"ngg-image-2\" class=\"ngg-gallery-thumbnail-box \" >\n\t\t\t\t        <div class=\"ngg-gallery-thumbnail\">\n            <a href=\"http:\/\/yoga-shri.de\/wp-content\/gallery\/vegetarisches-sonntagsessen\/Vegetarisches-Sonntagsessen-Tomaten-Chutney.jpg\"\n               title=\"\"\n               data-src=\"http:\/\/yoga-shri.de\/wp-content\/gallery\/vegetarisches-sonntagsessen\/Vegetarisches-Sonntagsessen-Tomaten-Chutney.jpg\"\n               data-thumbnail=\"http:\/\/yoga-shri.de\/wp-content\/gallery\/vegetarisches-sonntagsessen\/thumbs\/thumbs_Vegetarisches-Sonntagsessen-Tomaten-Chutney.jpg\"\n               data-image-id=\"28\"\n               data-title=\"Vegetarisches Sonntagsessen: Tomaten Chutney\"\n               data-description=\"\"\n               data-image-slug=\"vegetarisches-sonntagsessen-tomaten-chutney\"\n               class=\"ngg-simplelightbox\" rel=\"d414fe7010d090c8c3e115168b50bbc3\">\n                <img\n                    title=\"Vegetarisches Sonntagsessen: Tomaten Chutney\"\n                    alt=\"Vegetarisches Sonntagsessen: Tomaten Chutney\"\n                    src=\"http:\/\/yoga-shri.de\/wp-content\/gallery\/vegetarisches-sonntagsessen\/thumbs\/thumbs_Vegetarisches-Sonntagsessen-Tomaten-Chutney.jpg\"\n                    width=\"240\"\n                    height=\"160\"\n                    style=\"max-width:100%;\"\n                \/>\n            <\/a>\n        <\/div>\n\t\t\t\t\t\t\t<\/div> \n\t\t\t\n\t\t\t\t<div id=\"ngg-image-3\" class=\"ngg-gallery-thumbnail-box \" >\n\t\t\t\t        <div class=\"ngg-gallery-thumbnail\">\n            <a href=\"http:\/\/yoga-shri.de\/wp-content\/gallery\/vegetarisches-sonntagsessen\/Vegetarisches-Sonntagsessen-Soja-Steaks.jpg\"\n               title=\"\"\n               data-src=\"http:\/\/yoga-shri.de\/wp-content\/gallery\/vegetarisches-sonntagsessen\/Vegetarisches-Sonntagsessen-Soja-Steaks.jpg\"\n               data-thumbnail=\"http:\/\/yoga-shri.de\/wp-content\/gallery\/vegetarisches-sonntagsessen\/thumbs\/thumbs_Vegetarisches-Sonntagsessen-Soja-Steaks.jpg\"\n               data-image-id=\"29\"\n               data-title=\"Vegetarisches Sonntagsessen - Soja-Steaks\"\n               data-description=\"\"\n               data-image-slug=\"vegetarisches-sonntagsessen-soja-steaks\"\n               class=\"ngg-simplelightbox\" rel=\"d414fe7010d090c8c3e115168b50bbc3\">\n                <img\n                    title=\"Vegetarisches Sonntagsessen - Soja-Steaks\"\n                    alt=\"Vegetarisches Sonntagsessen - Soja-Steaks\"\n                    src=\"http:\/\/yoga-shri.de\/wp-content\/gallery\/vegetarisches-sonntagsessen\/thumbs\/thumbs_Vegetarisches-Sonntagsessen-Soja-Steaks.jpg\"\n                    width=\"240\"\n                    height=\"160\"\n                    style=\"max-width:100%;\"\n                \/>\n            <\/a>\n        <\/div>\n\t\t\t\t\t\t\t<\/div> \n\t\t\t\n\t\t\t\t<div id=\"ngg-image-4\" class=\"ngg-gallery-thumbnail-box \" >\n\t\t\t\t        <div class=\"ngg-gallery-thumbnail\">\n            <a href=\"http:\/\/yoga-shri.de\/wp-content\/gallery\/vegetarisches-sonntagsessen\/Vegetarisches-Sonntagsessen-Salat.jpg\"\n               title=\"\"\n               data-src=\"http:\/\/yoga-shri.de\/wp-content\/gallery\/vegetarisches-sonntagsessen\/Vegetarisches-Sonntagsessen-Salat.jpg\"\n               data-thumbnail=\"http:\/\/yoga-shri.de\/wp-content\/gallery\/vegetarisches-sonntagsessen\/thumbs\/thumbs_Vegetarisches-Sonntagsessen-Salat.jpg\"\n               data-image-id=\"30\"\n               data-title=\"Vegetarisches Sonntagsessen - Salat\"\n               data-description=\"\"\n               data-image-slug=\"vegetarisches-sonntagsessen-salat\"\n               class=\"ngg-simplelightbox\" rel=\"d414fe7010d090c8c3e115168b50bbc3\">\n                <img\n                    title=\"Vegetarisches Sonntagsessen - Salat\"\n                    alt=\"Vegetarisches Sonntagsessen - Salat\"\n                    src=\"http:\/\/yoga-shri.de\/wp-content\/gallery\/vegetarisches-sonntagsessen\/thumbs\/thumbs_Vegetarisches-Sonntagsessen-Salat.jpg\"\n                    width=\"240\"\n                    height=\"160\"\n                    style=\"max-width:100%;\"\n                \/>\n            <\/a>\n        <\/div>\n\t\t\t\t\t\t\t<\/div> \n\t\t\t\n\t\t\t\t<div id=\"ngg-image-5\" class=\"ngg-gallery-thumbnail-box \" >\n\t\t\t\t        <div class=\"ngg-gallery-thumbnail\">\n            <a href=\"http:\/\/yoga-shri.de\/wp-content\/gallery\/vegetarisches-sonntagsessen\/Vegetarisches-Sonntagsessen-Reis.jpg\"\n               title=\"\"\n               data-src=\"http:\/\/yoga-shri.de\/wp-content\/gallery\/vegetarisches-sonntagsessen\/Vegetarisches-Sonntagsessen-Reis.jpg\"\n               data-thumbnail=\"http:\/\/yoga-shri.de\/wp-content\/gallery\/vegetarisches-sonntagsessen\/thumbs\/thumbs_Vegetarisches-Sonntagsessen-Reis.jpg\"\n               data-image-id=\"31\"\n               data-title=\"Vegetarisches  Sonntagsessen - Reis\"\n               data-description=\"\"\n               data-image-slug=\"vegetarisches-sonntagsessen-reis\"\n               class=\"ngg-simplelightbox\" rel=\"d414fe7010d090c8c3e115168b50bbc3\">\n                <img\n                    title=\"Vegetarisches  Sonntagsessen - Reis\"\n                    alt=\"Vegetarisches  Sonntagsessen - Reis\"\n                    src=\"http:\/\/yoga-shri.de\/wp-content\/gallery\/vegetarisches-sonntagsessen\/thumbs\/thumbs_Vegetarisches-Sonntagsessen-Reis.jpg\"\n                    width=\"240\"\n                    height=\"160\"\n                    style=\"max-width:100%;\"\n                \/>\n            <\/a>\n        <\/div>\n\t\t\t\t\t\t\t<\/div> \n\t\t\t\n\t\t\t\t<div id=\"ngg-image-6\" class=\"ngg-gallery-thumbnail-box \" >\n\t\t\t\t        <div class=\"ngg-gallery-thumbnail\">\n            <a href=\"http:\/\/yoga-shri.de\/wp-content\/gallery\/vegetarisches-sonntagsessen\/Vegetarisches-Sonntagsessen-Mango-Lassi.jpg\"\n               title=\"\"\n               data-src=\"http:\/\/yoga-shri.de\/wp-content\/gallery\/vegetarisches-sonntagsessen\/Vegetarisches-Sonntagsessen-Mango-Lassi.jpg\"\n               data-thumbnail=\"http:\/\/yoga-shri.de\/wp-content\/gallery\/vegetarisches-sonntagsessen\/thumbs\/thumbs_Vegetarisches-Sonntagsessen-Mango-Lassi.jpg\"\n               data-image-id=\"32\"\n               data-title=\"Vegetarisches Sonntagsessen - Mango-Lassi\"\n               data-description=\"\"\n               data-image-slug=\"vegetarisches-sonntagsessen-mango-lassi\"\n               class=\"ngg-simplelightbox\" rel=\"d414fe7010d090c8c3e115168b50bbc3\">\n                <img\n                    title=\"Vegetarisches Sonntagsessen - Mango-Lassi\"\n                    alt=\"Vegetarisches Sonntagsessen - Mango-Lassi\"\n                    src=\"http:\/\/yoga-shri.de\/wp-content\/gallery\/vegetarisches-sonntagsessen\/thumbs\/thumbs_Vegetarisches-Sonntagsessen-Mango-Lassi.jpg\"\n                    width=\"240\"\n                    height=\"160\"\n                    style=\"max-width:100%;\"\n                \/>\n            <\/a>\n        <\/div>\n\t\t\t\t\t\t\t<\/div> \n\t\t\t\n\t\t\t\t<div id=\"ngg-image-7\" class=\"ngg-gallery-thumbnail-box \" >\n\t\t\t\t        <div class=\"ngg-gallery-thumbnail\">\n            <a href=\"http:\/\/yoga-shri.de\/wp-content\/gallery\/vegetarisches-sonntagsessen\/Vegetarisches-Sonntagsessen-Kefir-mit-Gewuerzen.jpg\"\n               title=\"\"\n               data-src=\"http:\/\/yoga-shri.de\/wp-content\/gallery\/vegetarisches-sonntagsessen\/Vegetarisches-Sonntagsessen-Kefir-mit-Gewuerzen.jpg\"\n               data-thumbnail=\"http:\/\/yoga-shri.de\/wp-content\/gallery\/vegetarisches-sonntagsessen\/thumbs\/thumbs_Vegetarisches-Sonntagsessen-Kefir-mit-Gewuerzen.jpg\"\n               data-image-id=\"33\"\n               data-title=\"Vegetarisches Sonntagsessen - Kefir mit Gewuerzen\"\n               data-description=\"\"\n               data-image-slug=\"vegetarisches-sonntagsessen-kefir-mit-gewuerzen\"\n               class=\"ngg-simplelightbox\" rel=\"d414fe7010d090c8c3e115168b50bbc3\">\n                <img\n                    title=\"Vegetarisches Sonntagsessen - Kefir mit Gewuerzen\"\n                    alt=\"Vegetarisches Sonntagsessen - Kefir mit Gewuerzen\"\n                    src=\"http:\/\/yoga-shri.de\/wp-content\/gallery\/vegetarisches-sonntagsessen\/thumbs\/thumbs_Vegetarisches-Sonntagsessen-Kefir-mit-Gewuerzen.jpg\"\n                    width=\"240\"\n                    height=\"160\"\n                    style=\"max-width:100%;\"\n                \/>\n            <\/a>\n        <\/div>\n\t\t\t\t\t\t\t<\/div> \n\t\t\t\n\t\t\t\t<div id=\"ngg-image-8\" class=\"ngg-gallery-thumbnail-box \" >\n\t\t\t\t        <div class=\"ngg-gallery-thumbnail\">\n            <a href=\"http:\/\/yoga-shri.de\/wp-content\/gallery\/vegetarisches-sonntagsessen\/Vegetarisches-Sonntagsessen-Thali-Festmahl.jpg\"\n               title=\"\"\n               data-src=\"http:\/\/yoga-shri.de\/wp-content\/gallery\/vegetarisches-sonntagsessen\/Vegetarisches-Sonntagsessen-Thali-Festmahl.jpg\"\n               data-thumbnail=\"http:\/\/yoga-shri.de\/wp-content\/gallery\/vegetarisches-sonntagsessen\/thumbs\/thumbs_Vegetarisches-Sonntagsessen-Thali-Festmahl.jpg\"\n               data-image-id=\"26\"\n               data-title=\"Vegetarisches Sonntagsessen - Thali-Festmahl\"\n               data-description=\"\"\n               data-image-slug=\"vegetarisches-sonntagsessen-thali-festmahl\"\n               class=\"ngg-simplelightbox\" rel=\"d414fe7010d090c8c3e115168b50bbc3\">\n                <img\n                    title=\"Vegetarisches Sonntagsessen - Thali-Festmahl\"\n                    alt=\"Vegetarisches Sonntagsessen - Thali-Festmahl\"\n                    src=\"http:\/\/yoga-shri.de\/wp-content\/gallery\/vegetarisches-sonntagsessen\/thumbs\/thumbs_Vegetarisches-Sonntagsessen-Thali-Festmahl.jpg\"\n                    width=\"240\"\n                    height=\"160\"\n                    style=\"max-width:100%;\"\n                \/>\n            <\/a>\n        <\/div>\n\t\t\t\t\t\t\t<\/div> \n\t\t\t\n\t\n\t<br style=\"clear: both\" \/>\n\n\t\n\t\t<!-- Pagination -->\n\t<div class='ngg-clear'><\/div>\t<\/div>\n<a href=\"http:\/\/yoga-shri.de\/index.php\/veranstaltungen-in-berlin-und-treffen-mit-shri-prakash-ji-weltweit\/\">zur\u00fcck zu Veranstaltungen<\/a><\/p>\n<\/div>\n","protected":false},"excerpt":{"rendered":"<p>Eindr\u00fccke von dem kulinarischen Nachmittag am 19.06.2016 zum Thema ausgewogene vegetarische Ern\u00e4hrung &nbsp; Der Nachmittag wurde mit einer gemeinsamen Mantra-Meditation er\u00f6ffnet, in der wir unseren Geist sammelten, um uns auf das Wesentliche zu konzentrieren und die Ruhe und Freude zu sp\u00fcren, die uns innewohnt. &nbsp; Danach erlebten wir, wie einfach ein gesundes, ausgewogenes und exotisches Essen zubereitet werden kann. Bei dem umfangreichen vegetarischen Men\u00fc war f\u00fcr jeden Geschmack etwas dabei: von mild bis herzhaft-w\u00fcrzig sowie &hellip; <\/p>\n","protected":false},"author":1,"featured_media":0,"parent":113,"menu_order":0,"comment_status":"closed","ping_status":"closed","template":"","meta":{"ngg_post_thumbnail":0},"_links":{"self":[{"href":"http:\/\/yoga-shri.de\/index.php\/wp-json\/wp\/v2\/pages\/1191"}],"collection":[{"href":"http:\/\/yoga-shri.de\/index.php\/wp-json\/wp\/v2\/pages"}],"about":[{"href":"http:\/\/yoga-shri.de\/index.php\/wp-json\/wp\/v2\/types\/page"}],"author":[{"embeddable":true,"href":"http:\/\/yoga-shri.de\/index.php\/wp-json\/wp\/v2\/users\/1"}],"replies":[{"embeddable":true,"href":"http:\/\/yoga-shri.de\/index.php\/wp-json\/wp\/v2\/comments?post=1191"}],"version-history":[{"count":4,"href":"http:\/\/yoga-shri.de\/index.php\/wp-json\/wp\/v2\/pages\/1191\/revisions"}],"predecessor-version":[{"id":1861,"href":"http:\/\/yoga-shri.de\/index.php\/wp-json\/wp\/v2\/pages\/1191\/revisions\/1861"}],"up":[{"embeddable":true,"href":"http:\/\/yoga-shri.de\/index.php\/wp-json\/wp\/v2\/pages\/113"}],"wp:attachment":[{"href":"http:\/\/yoga-shri.de\/index.php\/wp-json\/wp\/v2\/media?parent=1191"}],"curies":[{"name":"wp","href":"https:\/\/api.w.org\/{rel}","templated":true}]}}