{"id":125,"date":"2020-01-19T11:54:39","date_gmt":"2020-01-19T10:54:39","guid":{"rendered":"http:\/\/localhost\/yogashri\/neu\/online\/?page_id=125"},"modified":"2020-02-23T21:36:57","modified_gmt":"2020-02-23T20:36:57","slug":"lehre","status":"publish","type":"page","link":"http:\/\/yoga-shri.de\/index.php\/lehre\/","title":{"rendered":"Die Lehre des spirituellen Meisters"},"content":{"rendered":"<p><img decoding=\"async\" loading=\"lazy\" class=\"wp-image-1420 size-full aligncenter\" src=\"http:\/\/localhost\/yogashri\/neu\/online\/wp-content\/uploads\/2020\/02\/svechi_roz-510x150-1.jpg\" alt=\"\" width=\"510\" height=\"150\" srcset=\"http:\/\/yoga-shri.de\/wp-content\/uploads\/2020\/02\/svechi_roz-510x150-1.jpg 510w, http:\/\/yoga-shri.de\/wp-content\/uploads\/2020\/02\/svechi_roz-510x150-1-300x88.jpg 300w\" sizes=\"(max-width: 510px) 100vw, 510px\" \/><br \/>\n<em>&nbsp;<\/em><em>Der Lehrer Shri Gurudev Shri Prakash Ji besitzt das warhafte Wissen, dass Er an uns, als seine Sch\u00fcler, weitergibt.<\/em><\/p>\n<p><strong><em>YOGA<\/em><\/strong><\/p>\n<p>Das Wissen \u00fcber Yoga ist sehr alt und kann als Wissenschaft der geistigen Entwicklung des Menschen bezeichnet werden. Das Wort \u201cYoga\u201c bedeutet in der \u00dcbersetzung aus dem Sanskrit &#8230; <a href=\"http:\/\/yoga-shri.de\/index.php\/yoga\/\" rel=\"noopener noreferrer\">weiterlesen<\/a><\/p>\n<p><strong><em>SATSANG<\/em><\/strong><\/p>\n<p>Beim Satsang vermittelt Shri Prakash Ji das ewige, das urspr\u00fcngliche Wissen, das immer da war, immer da ist und immer da sein wird. Beim Satsang erh\u00e4lt jeder Mensch Wissen zu einem Thema, das ihn momentan am meisten besch\u00e4ftigt&#8230; <a href=\"http:\/\/yoga-shri.de\/index.php\/satsang\/\" rel=\"noopener noreferrer\">weiterlesen<\/a><\/p>\n<p><strong><em>MANTRA<\/em><\/strong><\/p>\n<p>Das Wort Mantra bedeutet: den Verstand reinigen. Ein Mantra, das von einem wahren Meister gegeben wird, besteht aus heiligen Worten und Silben in Sanskrit, der Ursprache aller Sprachen. Das Wiederholen eines Mantras zieht die positive Energie zum Menschen hin &#8230; <a href=\"http:\/\/yoga-shri.de\/index.php\/mantra\/\" rel=\"noopener noreferrer\">weiterlesen<\/a><\/p>\n","protected":false},"excerpt":{"rendered":"<p>&nbsp;Der Lehrer Shri Gurudev Shri Prakash Ji besitzt das warhafte Wissen, dass Er an uns, als seine Sch\u00fcler, weitergibt. YOGA Das Wissen \u00fcber Yoga ist sehr alt und kann als Wissenschaft der geistigen Entwicklung des Menschen bezeichnet werden. Das Wort \u201cYoga\u201c bedeutet in der \u00dcbersetzung aus dem Sanskrit &#8230; weiterlesen SATSANG Beim Satsang vermittelt Shri Prakash Ji das ewige, das urspr\u00fcngliche Wissen, das immer da war, immer da ist und immer da sein wird. Beim &hellip; <\/p>\n","protected":false},"author":1,"featured_media":0,"parent":0,"menu_order":0,"comment_status":"closed","ping_status":"closed","template":"","meta":{"ngg_post_thumbnail":0},"_links":{"self":[{"href":"http:\/\/yoga-shri.de\/index.php\/wp-json\/wp\/v2\/pages\/125"}],"collection":[{"href":"http:\/\/yoga-shri.de\/index.php\/wp-json\/wp\/v2\/pages"}],"about":[{"href":"http:\/\/yoga-shri.de\/index.php\/wp-json\/wp\/v2\/types\/page"}],"author":[{"embeddable":true,"href":"http:\/\/yoga-shri.de\/index.php\/wp-json\/wp\/v2\/users\/1"}],"replies":[{"embeddable":true,"href":"http:\/\/yoga-shri.de\/index.php\/wp-json\/wp\/v2\/comments?post=125"}],"version-history":[{"count":13,"href":"http:\/\/yoga-shri.de\/index.php\/wp-json\/wp\/v2\/pages\/125\/revisions"}],"predecessor-version":[{"id":1848,"href":"http:\/\/yoga-shri.de\/index.php\/wp-json\/wp\/v2\/pages\/125\/revisions\/1848"}],"wp:attachment":[{"href":"http:\/\/yoga-shri.de\/index.php\/wp-json\/wp\/v2\/media?parent=125"}],"curies":[{"name":"wp","href":"https:\/\/api.w.org\/{rel}","templated":true}]}}