{"id":137,"date":"2020-01-19T12:25:21","date_gmt":"2020-01-19T11:25:21","guid":{"rendered":"http:\/\/localhost\/yogashri\/neu\/online\/?page_id=137"},"modified":"2020-02-23T21:38:55","modified_gmt":"2020-02-23T20:38:55","slug":"mantra","status":"publish","type":"page","link":"http:\/\/yoga-shri.de\/index.php\/mantra\/","title":{"rendered":"Mantra"},"content":{"rendered":"<p>(<strong>Man<\/strong> = Verstand, <strong>tra<\/strong> = reinigen)<\/p>\n<p><img decoding=\"async\" loading=\"lazy\" class=\"size-full wp-image-1427 aligncenter\" src=\"http:\/\/localhost\/yogashri\/neu\/online\/wp-content\/uploads\/2020\/02\/Nam-Jap_Gebetsketten.jpeg\" alt=\"\" width=\"510\" height=\"150\" srcset=\"http:\/\/yoga-shri.de\/wp-content\/uploads\/2020\/02\/Nam-Jap_Gebetsketten.jpeg 510w, http:\/\/yoga-shri.de\/wp-content\/uploads\/2020\/02\/Nam-Jap_Gebetsketten-300x88.jpeg 300w\" sizes=\"(max-width: 510px) 100vw, 510px\" \/><\/p>\n<p>Das Wort Mantra bedeutet: den Verstand reinigen. Ein Mantra, das von einem wahren Meister gegeben wird, besteht aus heiligen Worten und Silben in Sanskrit, der Ursprache aller Sprachen. Das Wiederholen eines Mantras zieht die positive Energie zum Menschen hin und reinigt ihn allm\u00e4hlich von allem Negativen, das er in sich hat. Ein Mantra ist f\u00fcr die Seele wie eine Dusche f\u00fcr den physischen K\u00f6rper. Mit Hilfe des Mantras ist es m\u00f6glich, den Verstand (Man) vollst\u00e4ndig zu reinigen und ihn zu kontrollieren.<\/p>\n<p>Wenn man das Mantra regelm\u00e4\u00dfig wiederholt, bewirkt es eine gro\u00dfe Reinigung. Mantra ist eine hohe Wissenschaft von der Reinigung des Verstandes. Damit \u00e4ndert sich das Leben zum Besseren. Den Rishis bzw. Maharishis haben sich die Mantren mit Hilfe von Sadhana (geistige Praxis) offenbart. Sie geben sie an die Sch\u00fcler weiter, um ihnen zu helfen, in ihrer geistigen Entwicklung besser und schneller voran zu kommen.<br \/>\nMan sollte sich bem\u00fchen, w\u00e4hrend der Meditation das Licht Gottes zu f\u00fchlen und zu sehen. Jedem hat Gott die M\u00f6glichkeit gegeben, ihn zu erreichen.<\/p>\n<p>Wenn man das Mantra wiederholt, wenn man meditiert, dann f\u00fchrt das immer zu einem Ergebnis. Es ist ausgeschlossen, dass Sadhana, dass ein Gebet keinen Effekt hat. Er tritt nur bei einem fr\u00fcher und bei anderem sp\u00e4ter zutage.<\/p>\n<p>Das Mantra ver\u00e4ndert das Leben zum Positiven, es hilft dabei, eine Disziplin zu entwickeln, die nicht nur einige Monate oder Jahre besteht, sondern das ganze Leben lang. Aber dies erfordert auch die lebenslange Arbeit an sich selbst.<\/p>\n<p>Ein Heiliger verglich das Leben mit einem Wasserbl\u00e4schen, das beim Auftreffen eines Regentropfens entsteht. So schnell wie dieses vergeht unser Leben. Deshalb sollte man keine Minute verlieren und die Zeit nutzen, um sich zu vervollkommnen, so lange man die Gelegenheit dazu hat.<\/p>\n<p><a href=\"http:\/\/yoga-shri.de\/index.php\/lehre\/\">zur\u00fcck zur Lehre<\/a><\/p>\n","protected":false},"excerpt":{"rendered":"<p>(Man = Verstand, tra = reinigen) Das Wort Mantra bedeutet: den Verstand reinigen. Ein Mantra, das von einem wahren Meister gegeben wird, besteht aus heiligen Worten und Silben in Sanskrit, der Ursprache aller Sprachen. Das Wiederholen eines Mantras zieht die positive Energie zum Menschen hin und reinigt ihn allm\u00e4hlich von allem Negativen, das er in sich hat. Ein Mantra ist f\u00fcr die Seele wie eine Dusche f\u00fcr den physischen K\u00f6rper. Mit Hilfe des Mantras ist &hellip; <\/p>\n","protected":false},"author":1,"featured_media":0,"parent":0,"menu_order":0,"comment_status":"closed","ping_status":"closed","template":"","meta":{"ngg_post_thumbnail":0},"_links":{"self":[{"href":"http:\/\/yoga-shri.de\/index.php\/wp-json\/wp\/v2\/pages\/137"}],"collection":[{"href":"http:\/\/yoga-shri.de\/index.php\/wp-json\/wp\/v2\/pages"}],"about":[{"href":"http:\/\/yoga-shri.de\/index.php\/wp-json\/wp\/v2\/types\/page"}],"author":[{"embeddable":true,"href":"http:\/\/yoga-shri.de\/index.php\/wp-json\/wp\/v2\/users\/1"}],"replies":[{"embeddable":true,"href":"http:\/\/yoga-shri.de\/index.php\/wp-json\/wp\/v2\/comments?post=137"}],"version-history":[{"count":6,"href":"http:\/\/yoga-shri.de\/index.php\/wp-json\/wp\/v2\/pages\/137\/revisions"}],"predecessor-version":[{"id":1850,"href":"http:\/\/yoga-shri.de\/index.php\/wp-json\/wp\/v2\/pages\/137\/revisions\/1850"}],"wp:attachment":[{"href":"http:\/\/yoga-shri.de\/index.php\/wp-json\/wp\/v2\/media?parent=137"}],"curies":[{"name":"wp","href":"https:\/\/api.w.org\/{rel}","templated":true}]}}