{"id":351,"date":"2020-01-20T22:24:58","date_gmt":"2020-01-20T21:24:58","guid":{"rendered":"http:\/\/localhost\/yogashri\/neu\/online\/?page_id=351"},"modified":"2020-01-26T00:14:15","modified_gmt":"2020-01-25T23:14:15","slug":"geistiges-nachdenken","status":"publish","type":"page","link":"http:\/\/yoga-shri.de\/index.php\/geistiges-nachdenken\/","title":{"rendered":"Geistiges Nachdenken"},"content":{"rendered":"<p>Texte von einer Sch\u00fclerin von Shri Prakash Ji<\/p>\n<h5><span style=\"color: #008080;\">Das M\u00e4rchen vom Samenkorn<\/span><\/h5>\n<p><img decoding=\"async\" loading=\"lazy\" class=\" wp-image-89 alignright\" src=\"http:\/\/localhost\/yogashri\/neu\/online\/wp-content\/uploads\/2020\/01\/belyj-pavlin-White-peacock-in-full-display.jpg\" alt=\"\" width=\"373\" height=\"249\" srcset=\"http:\/\/yoga-shri.de\/wp-content\/uploads\/2020\/01\/belyj-pavlin-White-peacock-in-full-display.jpg 800w, http:\/\/yoga-shri.de\/wp-content\/uploads\/2020\/01\/belyj-pavlin-White-peacock-in-full-display-300x200.jpg 300w, http:\/\/yoga-shri.de\/wp-content\/uploads\/2020\/01\/belyj-pavlin-White-peacock-in-full-display-768x513.jpg 768w, http:\/\/yoga-shri.de\/wp-content\/uploads\/2020\/01\/belyj-pavlin-White-peacock-in-full-display-700x465.jpg 700w\" sizes=\"(max-width: 373px) 100vw, 373px\" \/>Es war einmal ein Samenkorn. \u00dcber sich wusste es nichts. Es sah klein und unscheinbar aus, aber irgendwie f\u00fchlte es sich klein und gro\u00df zugleich. Etwas in ihm sagte, dass aus ihm etwas Gr\u00f6\u00dferes werden k\u00f6nnte als das, was es jetzt war. Dabei ist anzumerken, dass es innerhalb eines jeden Samens etwas gibt, das allen Samen gemein ist, das Streben nach Wachstum \u2013 nur liegt es bei vielen Samen in tiefstem Schlafe. Auch in unserem Samenkorn schlief das Streben nach Wachstum noch.<\/p>\n<div id=\"post-link-351\" class=\"sh-link post-link sh-hide\"><a href=\"#\" onclick=\"showhide_toggle('post', 351, 'mehr zeigen...', 'weniger zeigen...'); return false;\" aria-expanded=\"false\"><span id=\"post-toggle-351\">mehr zeigen...<\/span><\/a><\/div><div id=\"post-content-351\" class=\"sh-content post-content sh-hide\" style=\"display: none;\">Eines Tages ber\u00fchrte ein Lichtstrahl den Samen und in seinem Inneren kam etwas in Bewegung. Das Korn f\u00fchlte die Liebe des Strahls, es wollte sich ihm n\u00e4hern, noch mehr Liebe und Licht f\u00fchlen. Ein Spross begann sich zu bilden. Immer unaufhaltsamer f\u00fchlte sich der Samen zu dieser unbekannten Quelle hingezogen, aus der ihn der Lichtstrahl erreichte. Hin und wieder verschwand der Strahl, es schoben sich Wolken dazwischen und es regnete, starker Wind wehte, aber das Samenkorn verstand, dass ihm all das nur zu Gute kam \u2013 der Spross sog das Wasser auf, widerstand dem Wind und wurde immer gr\u00f6\u00dfer und st\u00e4rker.<\/p>\n<p>Eines Tages f\u00fchlte sich das Samenkorn so, als ob es nicht mehr da w\u00e4re. Genauer gesagt war es ganz anders geworden. \u201eOh, schaut mal, was f\u00fcr eine sch\u00f6ne Blume!\u201c, rief eine Stimme in seiner N\u00e4he. \u201eAch! Hat da jemand von mir gesprochen?\u201c, dachte das Samenkorn erstaunt und sein Herz bebte vor Entz\u00fccken, weil seine Sch\u00f6nheit andere erfreuen konnte.<\/div>\n<h5><span style=\"color: #008080;\">Sonne<\/span><\/h5>\n<p>Ohne was w\u00e4re unser Leben unvorstellbar? Man w\u00fcrde wohl sagen: ohne Essen, Wasser, Kleidung und ohne ein Dach \u00fcber dem Kopf. In Wirklichkeit gibt es aber Dinge, ohne die man nicht einmal Essen, Wasser und alles andere braucht \u2013 und das sind Sonnenw\u00e4rme und Licht.<\/p>\n<div id=\"post-link-351\" class=\"sh-link post-link sh-hide\"><a href=\"#\" onclick=\"showhide_toggle('post', 351, 'mehr zeigen...', 'weniger zeigen...'); return false;\" aria-expanded=\"false\"><span id=\"post-toggle-351\">mehr zeigen...<\/span><\/a><\/div><div id=\"post-content-351\" class=\"sh-content post-content sh-hide\" style=\"display: none;\">Stellen Sie sich vor, Sie m\u00fcssten auch nur eine Woche ohne sie auskommen: Der Mensch w\u00fcrde in diesen sieben Tagen nicht sterben, aber unerkl\u00e4rliche Schwermut, ein Stimmungstief und Depressionen f\u00fchlen. Alle haben wahrscheinlich schon bemerkt, wie anders ein Tag verl\u00e4uft, wenn der Morgen sonnig war. Wie sehr warten wir manchmal im Winter auf den Fr\u00fchlingsanfang, warten auf W\u00e4rme und Licht! Das Sonnenlicht bringt Freude, Energie, Leben. Die Sonne schenkt uns immer ihr Licht, auch wenn wir sie nicht sehen. Sie gibt absolut selbstlos ihre W\u00e4rme und scheint gleich f\u00fcr alle Gesch\u00f6pfe: die kleinen und die gro\u00dfen, die sch\u00f6nen und die nicht so sch\u00f6nen, die alten und die jungen, die guten und die b\u00f6sen\u00a0\u2026<\/p>\n<p>Im geistigen Leben ist der Lehrer wie die Sonne. Er gibt uns Sein Licht und Seine Seelenw\u00e4rme, ohne eine Gegenleistung zu erwarten. Es ist unm\u00f6glich f\u00fcr Ihn, nicht zu leuchten, so ist Seine Natur: geben, geben und geben. Dank Seiner W\u00e4rme \u00f6ffnen wir uns, unsere Herzen werden wie nach einem langen Schlaf aufgeweckt und die Liebe erwacht in uns. Dank Seinem Licht beginnen wir, die Ursachen unserer Schwierigkeiten im Leben besser zu erkennen, und wir verstehen, was wir in unserem Verhalten gegen\u00fcber anderen und unserem Charakter \u00e4ndern m\u00fcssen, damit das Leben harmonischer wird.<\/p>\n<p>Es kommt vor, dass sich die Sonne hinter den Wolken versteckt und wir sie nicht mehr sehen, obwohl sie immer noch scheint. So ist es auch im geistigen Leben: Manchmal scheint es so, als h\u00e4tte sich die Sonne des Lehrers hinter den Wolken verborgen \u2013 als h\u00e4ttest du aufgeh\u00f6rt, Sein Licht und Seine W\u00e4rme zu sp\u00fcren. Das sind Wolken aus unseren Gedanken, unseren Emotionen und Erlebnissen, die sich vor Sein Licht und Seine W\u00e4rme schieben.<\/div>\n<h5><span style=\"color: #008080;\">Braucht man einen Lehrer?<\/span><\/h5>\n<p>Bei jeder Arbeit und in allen Lebensbereichen brauchen wir eine Quelle, aus der wir die notwendigen Kenntnisse sch\u00f6pfen k\u00f6nnen, wenn wir etwas lernen wollen. Wir wollen zum Beispiel ein neues Ger\u00e4t oder einen Mechanismus beherrschen oder ein Musikinstrument spielen lernen. Es gibt drei m\u00f6gliche Wege, diese Kenntnisse zu erwerben:<\/p>\n<p>&#8211; die Methode des Probierens,<\/p>\n<p>&#8211; die Gebrauchsanweisung,<\/p>\n<p>&#8211; einen Menschen, der dieses Ger\u00e4t oder das Instrument schon beherrscht.<\/p>\n<p>Alle drei Varianten werden von uns \u00fcberall im Leben angewendet. Welche davon ist am schnellsten und effektivsten? Ich glaube, jeder kennt die Antwort. Und wenn es nun um einen so komplizierten Mechanismus wie den Menschen geht?<\/p>\n<h5><span style=\"color: #008080;\">Was lehrt der geistige Lehrer?<\/span><\/h5>\n<p>Der geistige Lehrer erinnert die Menschen an das, was viele von uns v\u00f6llig vergessen haben: dass wir nicht nur der physische K\u00f6rper und alles, was mit ihm in Verbindung steht, sind. Um harmonisch auf diesem Planeten zu leben, sollte man nicht nur an Essen, Komfort und die Existenzgrundlage denken \u2013 man sollte genauso auch der Seele und dem inneren Zustand Aufmerksamkeit widmen.<\/p>\n<div id=\"post-link-351\" class=\"sh-link post-link sh-hide\"><a href=\"#\" onclick=\"showhide_toggle('post', 351, 'mehr zeigen...', 'weniger zeigen...'); return false;\" aria-expanded=\"false\"><span id=\"post-toggle-351\">mehr zeigen...<\/span><\/a><\/div><div id=\"post-content-351\" class=\"sh-content post-content sh-hide\" style=\"display: none;\">Es ist durchaus interessant: Normalerweise versteht man, dass man sich richtig ern\u00e4hren muss, um seine Gesundheit zu erhalten, dass man nichts \u00dcberfl\u00fcssiges, Sch\u00e4dliches oder Nahrung von schlechter Qualit\u00e4t zu sich nehmen sollte. Sobald der Mensch jedoch in die h\u00f6here Sph\u00e4re der Gedanken und Gef\u00fchle eintaucht, weigert sich seine Logik, die Existenz genau derselben Gesetze anzuerkennen. Man h\u00f6rt und sieht Nachrichten oder Filme \u00fcber Verbrechen und w\u00fcnscht sich dabei, dass es einem leicht ums Herz und freudig ist. Man liest ein ber\u00fchmtes Buch und nimmt fremde Ideen auf, die nicht immer hell und optimistisch sind \u2013 und dann wundert man sich noch, dass das eigene Leben irgendwie nicht erfreulich ist und st\u00e4ndig Qualen und Ungerechtigkeit in sich tr\u00e4gt.<\/p>\n<p>Der K\u00f6rper braucht eine Art von Nahrung und die Seele eine andere. S\u00e4t man M\u00f6hren, kann man keine R\u00fcben erwarten. Wenn du deine Beete nicht pflegst, dann warte nicht auf eine gute Ernte. Jeder wei\u00df, dass das Unkraut am besten w\u00e4chst und sich von allein vermehrt. F\u00fcr jeden Menschen ist seine innere Welt seine eigene \u201ekleine Landwirtschaft\u201c, die nicht von selbst bl\u00fchen und Fr\u00fcchte bringen wird \u2013 daf\u00fcr sind Aufmerksamkeit und Pflege notwendig.<\/div>\n<h5><span style=\"color: #008080;\">Ist das denn mein Lehrer?<\/span><\/h5>\n<p>Diese Frage stellen sich Menschen h\u00e4ufig. Meine Meinung: Wenn jemand gro\u00dfes Wissen in einem f\u00fcr mich interessanten Bereich besitzt und bereit ist, seine Kenntnisse mit mir zu teilen, so kann er mein Lehrer sein.<\/p>\n<p>Wenn ein Mensch Ruhe und Liebe ausstrahlt, die ich noch nicht habe, und er sie wirklich erlangt hat, dann kann er sie mich lehren. Wenn er gro\u00dfe Weisheit hat \u2013 kann ich von ihm etwas lernen.<\/p>\n<div id=\"post-link-351\" class=\"sh-link post-link sh-hide\"><a href=\"#\" onclick=\"showhide_toggle('post', 351, 'mehr zeigen...', 'weniger zeigen...'); return false;\" aria-expanded=\"false\"><span id=\"post-toggle-351\">mehr zeigen...<\/span><\/a><\/div><div id=\"post-content-351\" class=\"sh-content post-content sh-hide\" style=\"display: none;\">Wenn uns sogar ein zuf\u00e4lliger Passant etwas N\u00fctzliches beibringen kann, was kann man dann \u00fcber eine gro\u00dfe Seele sagen, die alle verborgenen Geheimnisse des Lebens kennt?<\/p>\n<p>Viele lassen sich durch \u00c4u\u00dferlichkeiten irritieren: die Nationalit\u00e4t, Religion, Fachausdr\u00fccke, Dienste und Rituale. In Wirklichkeit sollte man das Wesentliche suchen, die Reinheit der Quelle sehen und dem Unwesentlichen viel weniger Aufmerksamkeit schenken. Quellwasser bleibt Quellwasser, ob es in einer klaren Kristallkaraffe ist oder in einer gr\u00fcnen Glasflasche. Doch wenn jemanden Fanta oder Coca-Cola mehr anzieht, wird er kaum den Geschmack des reinsten Naturwassers zu sch\u00e4tzen wissen.<\/div>\n<h5><span style=\"color: #008080;\">\u00dcber Menschen und Religionen<\/span><\/h5>\n<p>In der Kindheit hat es mich immer wieder gewundert, dass Menschen \u00fcber Religionen streiten k\u00f6nnen und dabei sagen, dass die eine besser und die andere schlechter ist. Auch fand ich es sehr merkw\u00fcrdig, dass ein Mensch, der nach seiner \u00dcberzeugung entsprechend den geistigen Geboten lebte, aber nicht in die Kirche ging, als Ungl\u00e4ubiger galt.<\/p>\n<p>Jeder, der sich die Zeit daf\u00fcr nimmt, aufrichtig und tiefgr\u00fcndig die Religionen zu studieren, wird sich bestimmt davon \u00fcberzeugen, dass sie alle die gleichen Werte und im wesentlichen auch \u00e4hnliche Praktiken haben, und schlie\u00dflich zu der Erkenntnis kommen, dass alles eins ist, dass alles Gnade, Segen und Liebe ist.<\/p>\n<h5><span style=\"color: #008080;\">\u00dcber Dankbarkeit\u00a0\u00a0<\/span><\/h5>\n<p><img decoding=\"async\" loading=\"lazy\" class=\"wp-image-912 alignright\" src=\"http:\/\/localhost\/yogashri\/neu\/online\/wp-content\/uploads\/2020\/01\/Image-41-1024x682.jpg\" alt=\"\" width=\"267\" height=\"178\" srcset=\"http:\/\/yoga-shri.de\/wp-content\/uploads\/2020\/01\/Image-41-1024x682.jpg 1024w, http:\/\/yoga-shri.de\/wp-content\/uploads\/2020\/01\/Image-41-300x200.jpg 300w, http:\/\/yoga-shri.de\/wp-content\/uploads\/2020\/01\/Image-41-768x512.jpg 768w, http:\/\/yoga-shri.de\/wp-content\/uploads\/2020\/01\/Image-41-700x465.jpg 700w, http:\/\/yoga-shri.de\/wp-content\/uploads\/2020\/01\/Image-41.jpg 1280w\" sizes=\"(max-width: 267px) 100vw, 267px\" \/>Fr\u00fcher war es f\u00fcr mich schwer, die einfachen Worte anzunehmen: \u201eMan soll dankbar sein\u201c \u2013 wem sollte ich dankbar sein? Wof\u00fcr? Wieso? Dabei hat mir ein Buch geholfen \u2013 welches, daran kann ich mich nicht mehr erinnern \u2013, in dem stand, dass wir durch Dankbarkeit in Harmonie mit dem Universum eintreten. Genau deshalb ist es sehr wichtig, dankbar zu sein, wenn wir gl\u00fccklich sein m\u00f6chten.<\/p>\n<h5><span style=\"color: #008080;\">\u00dcber Verzeihung<\/span><\/h5>\n<p>F\u00fcr gew\u00f6hnlich ist es nicht leicht, jemandem zu verzeihen: Wie kann das sein, man hat mich beleidigt! Ich wurde ungerecht behandelt!<\/p>\n<p>Stellen Sie sich vor, dass wir mit jeder Beleidigung einen gro\u00dfen Haufen M\u00fcll in unsere Seele hinein werfen \u2013 mal weniger, mal mehr. Im Laufe des Lebens w\u00e4chst dieser Haufen. Und wenn wir dann nicht lernen zu vergeben, uns von dem inneren, seelischen M\u00fcll zu befreien, kann man sich im hohen Alter in eine gro\u00dfe M\u00fcllhalde verwandeln. Sagen Sie, w\u00fcrde es Ihnen gefallen, an einem so \u201eangenehmen\u201c Platz zu leben?<\/p>\n<h5><span style=\"color: #008080;\">\u00dcber die Sch\u00fcler<\/span><\/h5>\n<p>Manchmal, wenn man die Sch\u00fcler eines spirituellen Lehrers kennen lernt, erwartet man, nahezu Heilige in ihnen zu sehen (so war es zumindest bei mir). Es ist sinnvoll, sich daran zu erinnern, dass gerade diejenigen zum Lehrer kommen, die den Wunsch haben, etwas zu lernen, an sich zu arbeiten und sich zu vervollkommnen. Wenn ein Erstkl\u00e4ssler noch nicht oder kaum Lesen und Schreiben kann, bedeutet das nicht, dass aus ihm nicht irgendwann ein Akademiker werden kann. Alles braucht seine Zeit. Ein Blumensamen sieht vielleicht nicht sch\u00f6n aus und mit Blick auf den Spross kann man meist nicht \u00fcber die Sch\u00f6nheit der zuk\u00fcnftigen Blume urteilen.<\/p>\n<div id=\"post-link-351\" class=\"sh-link post-link sh-hide\"><a href=\"#\" onclick=\"showhide_toggle('post', 351, 'mehr zeigen...', 'weniger zeigen...'); return false;\" aria-expanded=\"false\"><span id=\"post-toggle-351\">mehr zeigen...<\/span><\/a><\/div><div id=\"post-content-351\" class=\"sh-content post-content sh-hide\" style=\"display: none;\">Derjenige Lehrer ist ein guter G\u00e4rtner, der in jedem Samen die zuk\u00fcnftige Pflanze sieht und versteht, welche Bl\u00fcten und Fr\u00fcchte sie bringen kann. Er wei\u00df, wie die Pflanzen gepflegt werden, wann sie gegossen und wann sie vor Sonne oder K\u00e4lte gesch\u00fctzt werden m\u00fcssen, wann und wie sie zugeschnitten werden, um eine bessere Form oder eine reichere Ernte zu erreichen. Ein guter G\u00e4rtner liebt alle Pflanzen gleich \u2013 eine Rose hat ihre Sch\u00f6nheit, ein Veilchen die seine. Es freut den G\u00e4rtner, den Prozess des Wachstums und der Entwicklung selbst zu beobachten \u2013 er bewundert die Kamille und die Chrysantheme gleicherma\u00dfen und sogar in einer geschlossenen Bl\u00fctenknospe sieht er die zuk\u00fcnftige wundersch\u00f6ne Bl\u00fcte. So sollten auch wir verstehen lernen, dass wir uns alle im Prozess der Entwicklung befinden, dass dieser Wachstumsprozess seine Etappen hat und jeder diese Etappen anders durchlebt.<\/p>\n<p>Es gibt noch ein wichtiges Moment, das der Resonanz. Sicher kennt jeder eine Stimmgabel. Wenn sie angeschlagen wird, erklingt ein Ton von bestimmter H\u00f6he (oder, genauer gesagt: Frequenz). Auf diesen Klang antwortet die Saite mit der gleichen Frequenz. So ist es auch in unseren Beziehungen zu anderen Menschen: Die Frequenz, auf der wir klingen, rufen wir auch in anderen hervor. Wenn wir anderen Menschen helle Gedanken schicken, dann rufen wir in ihnen Licht hervor, das zu uns zur\u00fcckstrahlt. Wenn kein Licht von ihnen kommt, hei\u00dft dies, dass die Kraft unseres Lichtes noch zu schwach ist, um eine Resonanz auszul\u00f6sen, oder wir nicht so hell \u00fcber sie denken.<\/div>\n<h5><span style=\"color: #008080;\">\u00dcber den geistigen Weg, Best\u00e4ndigkeit und Hingabe<\/span><\/h5>\n<p>Nur derjenige, der den Weg geht, kann ihn auch bezwingen \u2013 den Weg, den er selbst gew\u00e4hlt hat. In der geistigen Sph\u00e4re funktionieren viele gewohnte Gesetze genauso gut wie in der materiellen Welt: Wenn ein Mensch den Wunsch hat, ein olympischer Champion zu werden, sollte er dann heute mit Tennis anfangen, nach drei Monaten damit aufh\u00f6ren und zum Fechten wechseln, ein Jahr sp\u00e4ter auch damit aufh\u00f6ren und Kampfsport aus\u00fcben? Kann er dann mit den Profis wetteifern?<\/p>\n<p>Von welchen Errungenschaften kann hier die Rede sein? Nat\u00fcrlich trifft jeder die Wahl f\u00fcr sich selbst. Man sollte sich nur bewusst sein, was man erreichen kann, in dem man die eine oder andere Haltung eingenommen hat. Wenn man Erfolg haben m\u00f6chte, sei es im Weltlichen oder im Geistigen, dann muss man seinem Weg treu sein.<\/p>\n<h5><span style=\"color: #008080;\">\u00dcber Abh\u00e4ngigkeiten<\/span><\/h5>\n<p>Heutzutage haben viele Menschen Angst, von jemandem abh\u00e4ngig zu werden. Doch die Wahrheit besteht darin, dass man eine Zeitlang abh\u00e4ngig sein muss, um \u00fcberhaupt aufzuwachsen. Das Kind w\u00fcrde sterben, gew\u00e4hrte man ihm die volle Unabh\u00e4ngigkeit, bevor es gen\u00fcgend ausgereift und selbst\u00e4ndig ist. Sie w\u00fcrden wohl herzlich lachen, h\u00f6rten Sie von einem f\u00fcnfj\u00e4hrigen Kind, das besser wei\u00df, wie es in dieser Welt leben soll. Diese Art von Abh\u00e4ngigkeit ist also positiv. Ein Kind ist von seinen Eltern abh\u00e4ngig.<\/p>\n<p>Doch im geistigen Bereich f\u00e4llt es den Menschen aus irgendeinem Grunde schwer zuzugeben, dass sie wie Kinder sein k\u00f6nnen, die die F\u00fchrung durch einen anderen annehmen sollen. Selig sind diejenigen, die weise genug sind, sich von einem Lehrer, der wissend und erfahren ist, f\u00fchren zu lassen. Sie werden aufwachsen und stark werden und in der Lage sein voranzugehen, um andere zu f\u00fchren.<\/p>\n","protected":false},"excerpt":{"rendered":"<p>Texte von einer Sch\u00fclerin von Shri Prakash Ji Das M\u00e4rchen vom Samenkorn Es war einmal ein Samenkorn. \u00dcber sich wusste es nichts. Es sah klein und unscheinbar aus, aber irgendwie f\u00fchlte es sich klein und gro\u00df zugleich. Etwas in ihm sagte, dass aus ihm etwas Gr\u00f6\u00dferes werden k\u00f6nnte als das, was es jetzt war. Dabei ist anzumerken, dass es innerhalb eines jeden Samens etwas gibt, das allen Samen gemein ist, das Streben nach Wachstum \u2013 &hellip; <\/p>\n","protected":false},"author":1,"featured_media":0,"parent":0,"menu_order":0,"comment_status":"closed","ping_status":"closed","template":"","meta":{"ngg_post_thumbnail":0},"_links":{"self":[{"href":"http:\/\/yoga-shri.de\/index.php\/wp-json\/wp\/v2\/pages\/351"}],"collection":[{"href":"http:\/\/yoga-shri.de\/index.php\/wp-json\/wp\/v2\/pages"}],"about":[{"href":"http:\/\/yoga-shri.de\/index.php\/wp-json\/wp\/v2\/types\/page"}],"author":[{"embeddable":true,"href":"http:\/\/yoga-shri.de\/index.php\/wp-json\/wp\/v2\/users\/1"}],"replies":[{"embeddable":true,"href":"http:\/\/yoga-shri.de\/index.php\/wp-json\/wp\/v2\/comments?post=351"}],"version-history":[{"count":11,"href":"http:\/\/yoga-shri.de\/index.php\/wp-json\/wp\/v2\/pages\/351\/revisions"}],"predecessor-version":[{"id":917,"href":"http:\/\/yoga-shri.de\/index.php\/wp-json\/wp\/v2\/pages\/351\/revisions\/917"}],"wp:attachment":[{"href":"http:\/\/yoga-shri.de\/index.php\/wp-json\/wp\/v2\/media?parent=351"}],"curies":[{"name":"wp","href":"https:\/\/api.w.org\/{rel}","templated":true}]}}