{"id":625,"date":"2020-01-24T12:23:29","date_gmt":"2020-01-24T11:23:29","guid":{"rendered":"http:\/\/localhost\/yogashri\/neu\/online\/?page_id=625"},"modified":"2020-02-23T20:18:14","modified_gmt":"2020-02-23T19:18:14","slug":"holi","status":"publish","type":"page","link":"http:\/\/yoga-shri.de\/index.php\/spirituelle-feste\/holi\/","title":{"rendered":"Holi"},"content":{"rendered":"<p><a href=\"http:\/\/yoga-shri.de\/index.php\/spirituelle-feste\/\"><span style=\"color: #ff6600;\"><em>Spirituelle Feste<\/em><\/span><\/a><\/p>\n<p><strong>Das Festival der Farben<\/strong><\/p>\n<p>Holi, das Fest der Farben, ist ein traditionelles indisches Fr\u00fchlingsfest, das genauso ausdrucksstark und farbenfreudig ist wie die Legenden dar\u00fcber! Holi kennzeichnet das Ende der finsteren Winterzeit und das freudige Erbl\u00fchen des Fr\u00fchlings.<\/p>\n<p>Dieser Feiertag wird von Hindus auf der ganzen Welt gefeiert und gilt als das zweitgr\u00f6\u00dfte Fest nach Dipawali. Das Farbenfest Holi findet auch gro\u00dfen Anklang bei Menschen, die die Hintergr\u00fcnde nicht kennen und es im Rahmen von <img decoding=\"async\" loading=\"lazy\" class=\"alignright wp-image-1584 \" src=\"http:\/\/localhost\/yogashri\/neu\/online\/wp-content\/uploads\/2020\/02\/HOLI_Krishna-Gopi-Holi.jpg\" alt=\"\" width=\"291\" height=\"328\" srcset=\"http:\/\/yoga-shri.de\/wp-content\/uploads\/2020\/02\/HOLI_Krishna-Gopi-Holi.jpg 480w, http:\/\/yoga-shri.de\/wp-content\/uploads\/2020\/02\/HOLI_Krishna-Gopi-Holi-266x300.jpg 266w\" sizes=\"(max-width: 291px) 100vw, 291px\" \/>Konzerten weltweit feiern.<\/p>\n<p>Der tiefere Sinn dieses fr\u00f6hlichen Festes liegt seit Tausenden von Jahren in dem aufrichtigen Glauben von Milliarden Menschen an den unbestreitbaren Sieg des Guten \u00fcber das B\u00f6se.<\/p>\n<p><strong>Zur Geschichte<\/strong><\/p>\n<p>W\u00f6rtlich bedeutet \u201eHoli\u201c &#8211; das Brennen. Verschiedene Legenden erkl\u00e4ren diese Bedeutung. Die bekannteste Legende aus den Puranas h\u00e4ngt mit dem Asura-K\u00f6nig Hiranyakashipu zusammen (Asura = D\u00e4mon). Dieser K\u00f6nig wollte, dass alle Untertanen in seinem K\u00f6nigreich nur ihn allein verehren. Aber zu seiner gro\u00dfen Entt\u00e4uschung war sein eigener Sohn Prahlad ein treuer Anh\u00e4nger des Gottes Vishnu, welchen der K\u00f6nig der Asuras am meisten hasste.<\/p>\n<p>Unf\u00e4hig die Ergebenheit seines Sohnes durch verschiedene Pr\u00fcfungen, Strafen und Folter zu brechen, versuchte Hiranyakashipu als letztes seinen Sohn durch eine hinterlistige Tat zu beseitigen. Er befahl seiner Schwester Holika, Prahlad auf den Schoss zu nehmen und einen brennenden Scheiterhaufen zu betreten. Holika hatte einen au\u00dfergew\u00f6hnlichen Schal. Wenn man sich mit diesem Schal bedeckte, konnte man im Feuer heil und unversehrt bleiben. Sie sollte dann Prahlad aus der sch\u00fctzenden Ummantelung in die Feuerstelle sto\u00dfen. Allerdings war der Glaube von Prahlad so stark, dass er nichts f\u00fcrchtete und nur den Namen Vishnus sang. Gerade in dem Moment, als Holika das Kind vom Schoss werfen wollte, kam ein starker Wind auf und der Schal fiel von Holikas Schultern herab, bedeckte Prahlad und sch\u00fctzte den Jungen vor dem Feuer. Holika blieb ohne Schutz und verbrannte.<\/p>\n<p>Auf diese Weise wurde Prahlad dank seiner Hingabe an Gott gerettet, und Holika wurde f\u00fcr ihre b\u00f6sen Absichten bestraft.<\/p>\n<p>Es gibt noch andere Legenden, die mit dem Ursprung von Holi zusammenh\u00e4ngen, aber sie alle verk\u00fcnden den Sieg des Guten \u00fcber das B\u00f6se.<\/p>\n<p><strong>Br\u00e4uche und Rituale<\/strong><\/p>\n<p>Die Rituale <img decoding=\"async\" loading=\"lazy\" class=\"wp-image-1586 alignleft\" src=\"http:\/\/localhost\/yogashri\/neu\/online\/wp-content\/uploads\/2020\/02\/2017.03.12_Farbschlach.jpg\" alt=\"\" width=\"256\" height=\"171\" srcset=\"http:\/\/yoga-shri.de\/wp-content\/uploads\/2020\/02\/2017.03.12_Farbschlach.jpg 800w, http:\/\/yoga-shri.de\/wp-content\/uploads\/2020\/02\/2017.03.12_Farbschlach-300x200.jpg 300w, http:\/\/yoga-shri.de\/wp-content\/uploads\/2020\/02\/2017.03.12_Farbschlach-768x513.jpg 768w, http:\/\/yoga-shri.de\/wp-content\/uploads\/2020\/02\/2017.03.12_Farbschlach-700x465.jpg 700w\" sizes=\"(max-width: 256px) 100vw, 256px\" \/>des Festivals werden jedes Jahr mit gro\u00dfer Sorgfalt und Begeisterung vollbracht. Einige Tage vor dem Fest sammeln die Menschen Brennholz zum Anz\u00fcnden von Feuerstellen, die als &#8222;Holika&#8220; bezeichnet werden. Dann werden zwei Figuren hergestellt, eine Holzfigur von Holika, der Schwester von Hiranyakashipu und eine Figur von Prahlad aus nicht brennbarem Material. Am Vorabend des Hauptfeiertags werden die beiden Figuren ins Feuer gestellt und die Figur von Holika verbrannt. So wird der Sieg des Guten \u00fcber das B\u00f6se gefeiert.<\/p>\n<p>Der n\u00e4chste Tag ist der Haupttag des Festivals, der Tag an dem die Menschen sich gegenseitig mit bunten Farben bemalen. Der Legende nach hat Krishna diese Tradition ins Leben gerufen und jetzt ist Krishnas scherzhaftes Spiel &#8211; das fr\u00f6hlichste Ritual von Holi.<\/p>\n<p>Bilder aus Indien mit fr\u00f6hlichen und buntbemalten Menschen, die Holi feiern, sind weltbekannt. Hunderte von Menschen bemalen einander mit gro\u00dfer Freude und Begeisterung mit Farben. Die Luft, die Erde, die Gesichter und Kleider der Menschen, alles rundum ist mit den leuchtendsten Farben gef\u00e4rbt! Die rote Farbe symbolisiert Reinheit, Gr\u00fcn \u2013 Gesundheit, Blau \u2013 Ruhe und Ausgeglichenheit und Gelb \u2013 Gerechtigkeit.<\/p>\n<p>Am Tag, an dem Holi gefeiert wird, werden alle sozialen Unterschiede zwischen den Menschen aufgehoben. Arme und Reiche, Erwachsene und Kinder, alle sind gleichgestellt. Religi\u00f6se Unterschiede werden ebenfalls vergessen. Der Brauch Geschenke zu machen und Freunde sowie Verwandte mit Leckereien zu verw\u00f6hnen, hilft alte Missverst\u00e4ndnisse und Streitigkeiten zu vergessen. Wichtig ist auch, dass das fr\u00f6hliche Feiern, den Menschen einen Energieschub gibt, der im Fr\u00fchjahr so notwendig ist. Und noch ein Aspekt des Holi-Festes: Festliches gegenseitiges Bestreuen\/Begie\u00dfen mit heilenden Kr\u00e4uterpulvern wird von den ayurvedischen \u00c4rzten empfohlen.<\/p>\n<p>Welche bestimmte Bedeutung<img decoding=\"async\" loading=\"lazy\" class=\"alignright wp-image-1587 \" src=\"http:\/\/localhost\/yogashri\/neu\/online\/wp-content\/uploads\/2020\/02\/Holi.jpg\" alt=\"\" width=\"321\" height=\"215\" srcset=\"http:\/\/yoga-shri.de\/wp-content\/uploads\/2020\/02\/Holi.jpg 800w, http:\/\/yoga-shri.de\/wp-content\/uploads\/2020\/02\/Holi-300x201.jpg 300w, http:\/\/yoga-shri.de\/wp-content\/uploads\/2020\/02\/Holi-768x515.jpg 768w\" sizes=\"(max-width: 321px) 100vw, 321px\" \/> man Holi auch beimisst, eines ist sicher: die Teilnahme an dem Fest bringt Freude, ein Gef\u00fchl der Zugeh\u00f6rigkeit und der Liebe f\u00fcr andere Menschen.<\/p>\n<p>Jedes Jahr wird im Ashram des Lehrers, in Moskau, Holi \u2013 das Fest des Sieges von Gut \u00fcber B\u00f6se, gefeiert. Alle Anwesenden bemalen einander mit trockenen bunten Farben.<\/p>\n<p>Die Zuversicht, dass das Gute letztendlich siegt, inspiriert die Menschen, den geistigen Prinzipien zu folgen, ruft in ihnen G\u00fcte und Glauben hervor.<\/p>\n","protected":false},"excerpt":{"rendered":"<p>Spirituelle Feste Das Festival der Farben Holi, das Fest der Farben, ist ein traditionelles indisches Fr\u00fchlingsfest, das genauso ausdrucksstark und farbenfreudig ist wie die Legenden dar\u00fcber! Holi kennzeichnet das Ende der finsteren Winterzeit und das freudige Erbl\u00fchen des Fr\u00fchlings. Dieser Feiertag wird von Hindus auf der ganzen Welt gefeiert und gilt als das zweitgr\u00f6\u00dfte Fest nach Dipawali. Das Farbenfest Holi findet auch gro\u00dfen Anklang bei Menschen, die die Hintergr\u00fcnde nicht kennen und es im Rahmen &hellip; <\/p>\n","protected":false},"author":1,"featured_media":0,"parent":374,"menu_order":0,"comment_status":"closed","ping_status":"closed","template":"","meta":{"ngg_post_thumbnail":0},"_links":{"self":[{"href":"http:\/\/yoga-shri.de\/index.php\/wp-json\/wp\/v2\/pages\/625"}],"collection":[{"href":"http:\/\/yoga-shri.de\/index.php\/wp-json\/wp\/v2\/pages"}],"about":[{"href":"http:\/\/yoga-shri.de\/index.php\/wp-json\/wp\/v2\/types\/page"}],"author":[{"embeddable":true,"href":"http:\/\/yoga-shri.de\/index.php\/wp-json\/wp\/v2\/users\/1"}],"replies":[{"embeddable":true,"href":"http:\/\/yoga-shri.de\/index.php\/wp-json\/wp\/v2\/comments?post=625"}],"version-history":[{"count":7,"href":"http:\/\/yoga-shri.de\/index.php\/wp-json\/wp\/v2\/pages\/625\/revisions"}],"predecessor-version":[{"id":1788,"href":"http:\/\/yoga-shri.de\/index.php\/wp-json\/wp\/v2\/pages\/625\/revisions\/1788"}],"up":[{"embeddable":true,"href":"http:\/\/yoga-shri.de\/index.php\/wp-json\/wp\/v2\/pages\/374"}],"wp:attachment":[{"href":"http:\/\/yoga-shri.de\/index.php\/wp-json\/wp\/v2\/media?parent=625"}],"curies":[{"name":"wp","href":"https:\/\/api.w.org\/{rel}","templated":true}]}}