{"id":659,"date":"2020-01-24T13:40:33","date_gmt":"2020-01-24T12:40:33","guid":{"rendered":"http:\/\/localhost\/yogashri\/neu\/online\/?page_id=659"},"modified":"2020-02-23T20:32:03","modified_gmt":"2020-02-23T19:32:03","slug":"dipavali-deepavali","status":"publish","type":"page","link":"http:\/\/yoga-shri.de\/index.php\/spirituelle-feste\/dipavali-deepavali\/","title":{"rendered":"Dipavali (Deepavali)"},"content":{"rendered":"<p><a href=\"http:\/\/yoga-shri.de\/index.php\/spirituelle-feste\/\"><em>Sprituelle Feste<\/em><\/a><\/p>\n<p>Diwali oder Dipavali &#8211; ist eines der wichtigsten und eindrucksvollsten Feste Indiens. Es ist das Fest der Lichter. <em>Dip<\/em> bedeutet so viel wie &#8222;Feuer, Lichter&#8220; und <em>Avali<\/em> bedeutet &#8222;Reihe, Kette&#8220;. Dipavali wird f\u00fcnf Tage lang gefeiert und in dieser Zeit ist ganz Indien in ein Meer aus Kerzen und Lichtern getaucht.<\/p>\n<p><img decoding=\"async\" loading=\"lazy\" class=\"alignright wp-image-1800 \" src=\"http:\/\/yoga-shri.de\/wp-content\/uploads\/2020\/02\/2017.10.18_-diwali-festival-diya-Indian-Diwali-lamps.jpg\" alt=\"\" width=\"242\" height=\"161\" srcset=\"http:\/\/yoga-shri.de\/wp-content\/uploads\/2020\/02\/2017.10.18_-diwali-festival-diya-Indian-Diwali-lamps.jpg 800w, http:\/\/yoga-shri.de\/wp-content\/uploads\/2020\/02\/2017.10.18_-diwali-festival-diya-Indian-Diwali-lamps-300x200.jpg 300w, http:\/\/yoga-shri.de\/wp-content\/uploads\/2020\/02\/2017.10.18_-diwali-festival-diya-Indian-Diwali-lamps-768x511.jpg 768w, http:\/\/yoga-shri.de\/wp-content\/uploads\/2020\/02\/2017.10.18_-diwali-festival-diya-Indian-Diwali-lamps-700x465.jpg 700w\" sizes=\"(max-width: 242px) 100vw, 242px\" \/>Bei den Kerzenlichtern handelt es sich meist um kleine Butter- oder \u00d6llampen. Schon in den Skanda Puranas, alten indischen Schriften, werden die brennenden Tonl\u00e4mpchen symbolisch als Teilchen der Sonne beschrieben, der kosmischen Licht- und Energiequelle f\u00fcr alle Lebewesen.<\/p>\n<p>Mit diesem Fest sind vielz\u00e4hlige Legenden verbunden. Die bekannteste von ihnen ist in dem alten Epos Ramayana beschrieben. Es ist die Geschichte \u00fcber die R\u00fcckkehr von Rama, seiner Gemahlin Sita und seines Bruders Lakshman in sein K\u00f6nigreich nach dem Sieg \u00fcber den D\u00e4mon Ravan. Die Bewohner von Ayodhya, der Hauptstadt des K\u00f6nigreichs, das Rama regierte, z\u00fcndeten tausende von Lichtern an, um ihm den Weg zu beleuchten und seine R\u00fcckkehr zu feiern.<\/p>\n<p>Andere Legenden berichten, dass an diesem Tag Gott Vishnu die G\u00f6ttin Lakshmi geheiratet hat, Krishna den D\u00e4mon Narakasura vernichtete und die Pandava Br\u00fcder aus dem zw\u00f6lfj\u00e4hrigen Exil zur\u00fcck kehrten.<br \/>\nIn Bengalen ist dieses Fest der Verehrung von Mutter Kali, der dunkelh\u00e4utigen G\u00f6ttin, die die Kraft symbolisiert, gewidmet.<\/p>\n<p><img decoding=\"async\" loading=\"lazy\" class=\"wp-image-1801  alignleft\" src=\"http:\/\/yoga-shri.de\/wp-content\/uploads\/2020\/02\/2017.10.18_-Indian-colorful-flower-garlands-for-sales-during-diwali-festival.jpg\" alt=\"\" width=\"294\" height=\"196\" srcset=\"http:\/\/yoga-shri.de\/wp-content\/uploads\/2020\/02\/2017.10.18_-Indian-colorful-flower-garlands-for-sales-during-diwali-festival.jpg 800w, http:\/\/yoga-shri.de\/wp-content\/uploads\/2020\/02\/2017.10.18_-Indian-colorful-flower-garlands-for-sales-during-diwali-festival-300x200.jpg 300w, http:\/\/yoga-shri.de\/wp-content\/uploads\/2020\/02\/2017.10.18_-Indian-colorful-flower-garlands-for-sales-during-diwali-festival-768x513.jpg 768w, http:\/\/yoga-shri.de\/wp-content\/uploads\/2020\/02\/2017.10.18_-Indian-colorful-flower-garlands-for-sales-during-diwali-festival-700x465.jpg 700w\" sizes=\"(max-width: 294px) 100vw, 294px\" \/><\/p>\n<p>Ebenso werden an diesem Tag noch weitere Gottheiten verehrt: Ganesha, der Elefantenk\u00f6pfige Gott, der die Hindernisse wegr\u00e4umt und als Symbol f\u00fcr Weisheit steht; Saraswati, die G\u00f6ttin, die als Schirmherrin der Musik, Literatur und Lehre verehrt wird; Kubera, der den Buchhaltern und Schatzmeistern seinen Segen schenkt.<br \/>\nHindus einiger Regionen Indiens verbinden Diwali mit den Legenden von Yama, dem Gott des Todes.<\/p>\n<p>Aber nicht nur Hindus verbinden diese Festtage mit besonderen Ereignissen.<\/p>\n<p>F\u00fcr die Jainas ist Dipavali der Tag, als Mahavira Nirwana erreicht hat, Buddhisten gedenken an diesem Tag der Bekehrung des Kaisers Ashoka zum Buddhismus und die Sikhs feiern die Befreiung von Guru Hargobind aus der mongolischen Gefangenschaft.<\/p>\n<p><strong>Diwali &#8211; ein internationales Fest<\/strong><br \/>\nDiwali wird zwar oft als indisches Neujahr bezeichnet, doch gefeiert wird es auf der ganzen Welt und in vielen L\u00e4ndern gilt es als offizieller Feiertag: den Fidschi Inseln, in Guyana, Indien, Pakistan, Malaysia, Mauritius, Myanmar, Nepal, Singapur, Sri Lanka, Suriname und Trinidad und Tobago. Au\u00dferdem wird es von den Hindus in L\u00e4ndern wie Gro\u00dfbritannien, Indonesien, Japan, Thailand, Australien und den USA gefeiert.<\/p>\n<p><strong>Wie feiert man Diwali<\/strong><br \/>\nDie Feierlichkeiten zu Ehren von Diwali dauern f\u00fcnf Tage. In jeder Region gibt es eigene Gebr\u00e4uche und Feste sowie Unterschiede in der Reihenfolge der Feier von dem einen oder anderen Ereignis. Nachfolgend sind einmal die meist verbreitetsten Gebr\u00e4uche beschrieben.<\/p>\n<p><strong>Am ersten Festtag<\/strong> ist es \u00fcblich sein Heim zu reinigen und zu erneuern.Doch welchem Zweck dient dieser Brauch? Das Deepavali-Fest ist Lakshmi, der G\u00f6ttin des geistigen und materiellen Reichtums gewidmet. Es hei\u00dft, dass Lakshmi eine sehr anspruchsvolle G\u00f6ttin ist. Sie mag keinen Schmutz und keine Unordnung. Um ihre Gunst zu gewinnen, veranstalten die Leute eine Art \u201eFr\u00fchjahrsputz\u201c zu Hause.<\/p>\n<div>\n<p><strong>Am zweiten Tag<\/strong> werden die B\u00f6den in Haus und Hof mit farbenfrohen Mustern \u2013 sog. Rangoli geschm\u00fcckt. Die Frauen verzieren ihre H\u00e4nde mit Hennamustern (Mehendi) und die Familien bereiten S\u00fc\u00dfigkeiten f\u00fcr den Hauptfeiertag von Diwali vor.<\/p>\n<p><strong>Dritter Tag von Diwali &#8211; das Lichterfest<\/strong><\/p>\n<p><img decoding=\"async\" loading=\"lazy\" class=\"alignright wp-image-1802 \" src=\"http:\/\/yoga-shri.de\/wp-content\/uploads\/2020\/02\/2017.10.18_-Dipavali-Puja-2016.jpg\" alt=\"\" width=\"340\" height=\"227\" srcset=\"http:\/\/yoga-shri.de\/wp-content\/uploads\/2020\/02\/2017.10.18_-Dipavali-Puja-2016.jpg 800w, http:\/\/yoga-shri.de\/wp-content\/uploads\/2020\/02\/2017.10.18_-Dipavali-Puja-2016-300x200.jpg 300w, http:\/\/yoga-shri.de\/wp-content\/uploads\/2020\/02\/2017.10.18_-Dipavali-Puja-2016-768x513.jpg 768w, http:\/\/yoga-shri.de\/wp-content\/uploads\/2020\/02\/2017.10.18_-Dipavali-Puja-2016-700x465.jpg 700w\" sizes=\"(max-width: 340px) 100vw, 340px\" \/>Die Hauptfeierlichkeiten fallen auf die dunkle Neumondnacht.<\/p>\n<\/div>\n<div>\u00dcberall sind Knallk\u00f6rper und Feuerwerk zu h\u00f6ren und die Dunkelheit wird durch unz\u00e4hlige Lichter erhellt. Am Abend wird <a href=\"https:\/\/www.facebook.com\/shriprakashji\/videos\/1821210318126270\/\">eine Gebetszeremonie f\u00fcr Lakshmi<\/a>, die G\u00f6ttin des&nbsp;Wohlstands und Reichtums, abgehalten. Die Inder \u00f6ffnen die Fenster und T\u00fcren ihrer H\u00e4user und stellen angez\u00fcndete \u00d6llampen (Lampaden) auf die Fensterb\u00e4nke und Balkone, um Lakshmi in ihr Haus einzuladen.<\/div>\n<p>Die Menschen bitten einander um Vergebung f\u00fcr die Fehler, die absichtlich oder versehentlich begangen wurden, Beziehungen werden aufgefrischt und man beschenkt sich gegenseitig mit Geschenken und S\u00fc\u00dfigkeiten.<\/p>\n<p><strong>Der vierte Tag<\/strong> ist unter anderem \u201c<em>Annakutta<\/em>\u201c gewidmet, was so viel wie ein \u201cBerg von Essen\u201c bedeutet. Nach traditionellen Gebeten werden den Gottheiten eine gro\u00dfe Vielzahl an unterschiedlichsten S\u00fc\u00dfigkeiten und Gerichten angeboten. Anschlie\u00dfend nehmen die Gl\u00e4ubigen die gesegneten Speisen zu sich.<\/p>\n<p><strong>Der f\u00fcnfte Tag<\/strong> von Diwali ist <em>Bhai Dooj<\/em>, der Tag der br\u00fcderlichen F\u00fcrsorge, er kennzeichnet die besondere Beziehung zwischen Br\u00fcdern und Schwestern. Die Schwestern setzen einen <em>Tilak<\/em>, ein heiliges Zeichen, auf die Stirn ihrer Br\u00fcder, binden einen Schutzfaden um ihre Handgelenke, bieten Ihnen S\u00fc\u00dfigkeiten an, f\u00fchren <em>Aarti<\/em> durch und beten f\u00fcr ihre Gesundheit und ihr Gl\u00fcck. Die Br\u00fcder wiederum geben ihren Schwestern Geschenke als Zeichen ihrer Liebe und Sorge.<\/p>\n<p><strong><img decoding=\"async\" loading=\"lazy\" class=\"wp-image-1803  alignleft\" src=\"http:\/\/yoga-shri.de\/wp-content\/uploads\/2020\/02\/2017.10.18_-holy-diya-for-Diwali-festival.jpg\" alt=\"\" width=\"138\" height=\"138\" srcset=\"http:\/\/yoga-shri.de\/wp-content\/uploads\/2020\/02\/2017.10.18_-holy-diya-for-Diwali-festival.jpg 600w, http:\/\/yoga-shri.de\/wp-content\/uploads\/2020\/02\/2017.10.18_-holy-diya-for-Diwali-festival-300x300.jpg 300w, http:\/\/yoga-shri.de\/wp-content\/uploads\/2020\/02\/2017.10.18_-holy-diya-for-Diwali-festival-150x150.jpg 150w\" sizes=\"(max-width: 138px) 100vw, 138px\" \/>Von der Dunkelheit zum Licht\u2026<\/strong><br \/>\nDiwali ist reich an verschiedenen Legenden, doch das zentrale Thema all dieser Geschichten ist die ewige Wahrheit vom Sieg des Guten \u00fcber das B\u00f6se, vom Licht der Erkenntnis, das die Dunkelheit der Unwissenheit erleuchtet.&nbsp;Die Lichter von Diwali erleuchten nicht nur die H\u00e4user, sondern auch die Herzen, indem sie an diese einfache Wahrheit erinnern.<\/p>\n","protected":false},"excerpt":{"rendered":"<p>Sprituelle Feste Diwali oder Dipavali &#8211; ist eines der wichtigsten und eindrucksvollsten Feste Indiens. Es ist das Fest der Lichter. Dip bedeutet so viel wie &#8222;Feuer, Lichter&#8220; und Avali bedeutet &#8222;Reihe, Kette&#8220;. Dipavali wird f\u00fcnf Tage lang gefeiert und in dieser Zeit ist ganz Indien in ein Meer aus Kerzen und Lichtern getaucht. Bei den Kerzenlichtern handelt es sich meist um kleine Butter- oder \u00d6llampen. Schon in den Skanda Puranas, alten indischen Schriften, werden die &hellip; <\/p>\n","protected":false},"author":1,"featured_media":0,"parent":374,"menu_order":0,"comment_status":"closed","ping_status":"closed","template":"","meta":{"ngg_post_thumbnail":0},"_links":{"self":[{"href":"http:\/\/yoga-shri.de\/index.php\/wp-json\/wp\/v2\/pages\/659"}],"collection":[{"href":"http:\/\/yoga-shri.de\/index.php\/wp-json\/wp\/v2\/pages"}],"about":[{"href":"http:\/\/yoga-shri.de\/index.php\/wp-json\/wp\/v2\/types\/page"}],"author":[{"embeddable":true,"href":"http:\/\/yoga-shri.de\/index.php\/wp-json\/wp\/v2\/users\/1"}],"replies":[{"embeddable":true,"href":"http:\/\/yoga-shri.de\/index.php\/wp-json\/wp\/v2\/comments?post=659"}],"version-history":[{"count":4,"href":"http:\/\/yoga-shri.de\/index.php\/wp-json\/wp\/v2\/pages\/659\/revisions"}],"predecessor-version":[{"id":1804,"href":"http:\/\/yoga-shri.de\/index.php\/wp-json\/wp\/v2\/pages\/659\/revisions\/1804"}],"up":[{"embeddable":true,"href":"http:\/\/yoga-shri.de\/index.php\/wp-json\/wp\/v2\/pages\/374"}],"wp:attachment":[{"href":"http:\/\/yoga-shri.de\/index.php\/wp-json\/wp\/v2\/media?parent=659"}],"curies":[{"name":"wp","href":"https:\/\/api.w.org\/{rel}","templated":true}]}}