{"id":743,"date":"2020-01-25T18:42:34","date_gmt":"2020-01-25T17:42:34","guid":{"rendered":"http:\/\/localhost\/yogashri\/neu\/online\/?page_id=743"},"modified":"2020-02-23T22:49:05","modified_gmt":"2020-02-23T21:49:05","slug":"das-gleichgewicht-der-weiblichen-und-maennlichen-energien","status":"publish","type":"page","link":"http:\/\/yoga-shri.de\/index.php\/satsangs-texte-gleichnisse\/das-gleichgewicht-der-weiblichen-und-maennlichen-energien\/","title":{"rendered":"Das Gleichgewicht der weiblichen und m\u00e4nnlichen Energien"},"content":{"rendered":"<p><strong>Jeder Mensch besitzt zwei Arten von Energie: In der rechten K\u00f6rperh\u00e4lfte sind die m\u00e4nnlichen Energien und in der linken die weiblichen Energien konzentriert.<\/strong> Das ganze Weltall besteht aus &#8222;Plus&#8220; und &#8222;Minus&#8220;, ebenso sind \u00fcberall und in allem die weibliche und die m\u00e4nnliche Energie pr\u00e4sent.<\/p>\n<p>Leider ist nicht in jeder Familie die Atmosph\u00e4re stabil und harmonisch und die Beziehung zueinander gut und herzlich. Der Grund daf\u00fcr ist das Ungleichgewicht&nbsp;zwischen der weiblichen und der m\u00e4nnlichen Energie. Daher&nbsp;gibt es so viele Scheidungen und Trennungen von Familien sowie Paare, die es nicht schaffen, eine Familie zu gr\u00fcnden.<\/p>\n<p><em><img decoding=\"async\" loading=\"lazy\" class=\"wp-image-1463 aligncenter\" src=\"http:\/\/localhost\/yogashri\/neu\/online\/wp-content\/uploads\/2020\/02\/shiva-shakt.jpg\" alt=\"\" width=\"472\" height=\"354\" srcset=\"http:\/\/yoga-shri.de\/wp-content\/uploads\/2020\/02\/shiva-shakt.jpg 723w, http:\/\/yoga-shri.de\/wp-content\/uploads\/2020\/02\/shiva-shakt-300x225.jpg 300w\" sizes=\"(max-width: 472px) 100vw, 472px\" \/><\/em><\/p>\n<p><strong>Wenn die m\u00e4nnlichen und weiblichen Energien des Menschen nicht im Gleichgewicht sind, wird es auch im \u00e4u\u00dferen Leben keine Ordnung und Stabilit\u00e4t geben.<\/strong> Wie kann sich ein Ungleichgewicht der Energien \u00e4u\u00dfern? Wenn sich eine Frau grob verh\u00e4lt, bedeutet es, dass bei ihr die m\u00e4nnlichen Energien gegen\u00fcber den weiblichen dominieren. Dies kann sich auch im Bereich der Gesundheit zeigen. So k\u00f6nnen bei jemandem die Beschwerden vorwiegend in der linken und bei jemand anderem in der rechten K\u00f6rperh\u00e4lfte auftreten. Innerhalb von Familien besteht manchmal eine gute Beziehung zu der Mutter, aber nicht zum Vater, manchmal ist die Beziehung zu beiden Eltern angespannt. Auch das kann ein Zeichen daf\u00fcr sein, dass die m\u00e4nnlichen und weiblichen Energien nicht aufeinander abgestimmt sind.<\/p>\n<p>Sobald die m\u00e4nnlichen und weiblichen Energien im Gleichgewicht sind, stellt sich die Harmonie in der Beziehung wieder ein. Man wird zu allen Menschen seines Umfeldes ein gutes Verh\u00e4ltnis haben, weil es \u00fcberall Wechselwirkungen zwischen m\u00e4nnlicher und weiblicher Energie gibt.<\/p>\n<p><strong>Wenn zwei Menschen, Mann und Frau, sich in einem Zustand der geistigen und energetischen Einheit befinden, sind bei ihnen die beiden Energien im Gleichgewicht.<\/strong><\/p>\n<p>&nbsp;<\/p>\n<p><strong>Bei einem Sanyasi (Asket) bedeutet dieser Zustand die Verbindung der beiden Energien, der m\u00e4nnlichen und der weiblichen, durch das Erreichen eines inneren Gleichgewichts.<\/strong><\/p>\n<p>&nbsp;<\/p>\n<p>In der Sprache des Yoga wird es so erkl\u00e4rt: Wenn beim Menschen die Kundalinienergie erwacht, steigt sie durch die drei wichtigsten Energiekan\u00e4le (Nadis) nach oben.<\/p>\n<p>Diese Kan\u00e4le werden Ida, Pingala und Sushumna genannt. Sushumna ist der zentrale Energiekanal, Ida ist f\u00fcr die weibliche und Pingala fur die m\u00e4nnliche Energie verantwortlich. Alle drei Kan\u00e4le verlaufen entlang der Wirbels\u00e4ule und verbinden sich in dem Ajna-Chakra. Wenn die Kundalini- Energie das Ajna-Chakra erreicht, verbinden sich die weiblichen und m\u00e4nnlichen Energien und der Mensch erlangt den Zustand Sada-Shiva. In diesem Moment ist er Shiva und Shakti zusammen, Radha und Krishna, Sita und Rama. Wenn die beiden Energien sich im Menschen verbinden, passiert die Verbindung mit Gott.<\/p>\n<p>Beide Energien, die weibliche, sowie die m\u00e4nnliche sind sehr wichtig. Ihre harmonische Kombination bildet die Grundlage f\u00fcr Gleichgewicht und Standfestigkeit auf jedem geistigen Weg. Ebenso notwendig ist ein ausgewogenes Gleichgewicht der Energieen f\u00fcr die geistige Entwicklung und Vervollkommnung. F\u00fcr einen Menschen, der in der Welt lebt, ist die Best\u00e4ndigkeit und Harmonie im Familienleben&nbsp;unerl\u00e4sslich, genauso wie inneres Gleichgewicht f\u00fcr einen Sanyasi, der in Zur\u00fcckgezogenheit lebt.<\/p>\n<p><strong>Um diese beiden Energien ins Gleichgewicht zu bringen, muss man &#8222;SADA-SHIVAYA&#8220; wiederholen. Dieser Name Gottes, verk\u00f6rpert die Balance, die Verbindung des m\u00e4nnlichen und weiblichen Ursprungs.<\/strong><\/p>\n<p>Bei der Wiederholung des Namens von Gott wird die reine Energie und die Tonschwingung dieses Wortes eine positive Wirkung auf Sie haben. Dies wird Ihr Karma reinigen und negative Tendenzen verringern oder ganz beseitigen.<\/p>\n<p>\u00dcber die Wiederholung heiliger W\u00f6rter, Mantren oder den Namen von Gott, wird in den Veden und anderen heiligen Schriften geschrieben, dass der eine Gott in vielen unterschiedlichen Gestalten angebetet werden kann. Deswegen hat er viele Namen.<\/p>\n<p>Alle Namen Gottes &#8222;Sita-Ram&#8220;, &#8222;Narayan&#8220;, &#8222;Radhe-Shyam&#8220;, &#8222;Sada-Shiva&#8220; enthalten eine gro\u00dfe Energie. Jeder Name Gottes kann f\u00fcr den Menschen sowohl in geistiger, als auch in materieller Hinsicht wohlbringend sein. Doch jeder Name hat seine eigenen Besonderheiten, seine f\u00fcr ihn charakteristischen Energien. Wiederholt man einen bestimmten Namen Gottes, wird man die Energie speziell dieses Namens f\u00fchlen und bekommen.<\/p>\n<p>Oft fragt man sich verwundert, aus welchem Grund man sich Sorgen macht und leiden muss. In Wirklichkeit sind alle Probleme, die sich im Leben ergeben, das Resultat des eigenen vergangenen Karmas, als Folge der eigenen vergangen Handlungen: Gedanken, Worte und Taten.<\/p>\n<p>Die Energie des Namens Gottes, wird Ihnen die Kraft geben, mit jeder Art von Umst\u00e4nden, selbst wenn diese hoffnungslos erscheinen, fertig zu werden und einen Ausweg aus jeder schwierigen Situation zu finden.<\/p>\n<p>Jeder kann den Namen Gottes wiederholen, der seinem Herzen am n\u00e4chsten liegt, und die reine Energie empfangen. Wenn jedoch der Sadguru jemandem pers\u00f6nlich einen individuellen Namen Gottes gibt, wacht die Kraft dieses Wortes sehr schnell auf, weil darin die Energie hineingelegt wird, die speziell diesem Menschen h\u00f6chstes Wohl bringt.<\/p>\n<p><a href=\"http:\/\/yoga-shri.de\/index.php\/satsangs-texte-gleichnisse\/\">zur\u00fcck zu &#8222;Satsangs Themen&#8220;<\/a><\/p>\n","protected":false},"excerpt":{"rendered":"<p>Jeder Mensch besitzt zwei Arten von Energie: In der rechten K\u00f6rperh\u00e4lfte sind die m\u00e4nnlichen Energien und in der linken die weiblichen Energien konzentriert. Das ganze Weltall besteht aus &#8222;Plus&#8220; und &#8222;Minus&#8220;, ebenso sind \u00fcberall und in allem die weibliche und die m\u00e4nnliche Energie pr\u00e4sent. Leider ist nicht in jeder Familie die Atmosph\u00e4re stabil und harmonisch und die Beziehung zueinander gut und herzlich. Der Grund daf\u00fcr ist das Ungleichgewicht&nbsp;zwischen der weiblichen und der m\u00e4nnlichen Energie. Daher&nbsp;gibt &hellip; <\/p>\n","protected":false},"author":1,"featured_media":0,"parent":331,"menu_order":0,"comment_status":"closed","ping_status":"closed","template":"","meta":{"ngg_post_thumbnail":0},"_links":{"self":[{"href":"http:\/\/yoga-shri.de\/index.php\/wp-json\/wp\/v2\/pages\/743"}],"collection":[{"href":"http:\/\/yoga-shri.de\/index.php\/wp-json\/wp\/v2\/pages"}],"about":[{"href":"http:\/\/yoga-shri.de\/index.php\/wp-json\/wp\/v2\/types\/page"}],"author":[{"embeddable":true,"href":"http:\/\/yoga-shri.de\/index.php\/wp-json\/wp\/v2\/users\/1"}],"replies":[{"embeddable":true,"href":"http:\/\/yoga-shri.de\/index.php\/wp-json\/wp\/v2\/comments?post=743"}],"version-history":[{"count":4,"href":"http:\/\/yoga-shri.de\/index.php\/wp-json\/wp\/v2\/pages\/743\/revisions"}],"predecessor-version":[{"id":1920,"href":"http:\/\/yoga-shri.de\/index.php\/wp-json\/wp\/v2\/pages\/743\/revisions\/1920"}],"up":[{"embeddable":true,"href":"http:\/\/yoga-shri.de\/index.php\/wp-json\/wp\/v2\/pages\/331"}],"wp:attachment":[{"href":"http:\/\/yoga-shri.de\/index.php\/wp-json\/wp\/v2\/media?parent=743"}],"curies":[{"name":"wp","href":"https:\/\/api.w.org\/{rel}","templated":true}]}}