{"id":746,"date":"2020-01-25T18:46:35","date_gmt":"2020-01-25T17:46:35","guid":{"rendered":"http:\/\/localhost\/yogashri\/neu\/online\/?page_id=746"},"modified":"2020-02-23T22:50:28","modified_gmt":"2020-02-23T21:50:28","slug":"wie-kann-man-erfolg-im-leben-erreichen","status":"publish","type":"page","link":"http:\/\/yoga-shri.de\/index.php\/satsangs-texte-gleichnisse\/wie-kann-man-erfolg-im-leben-erreichen\/","title":{"rendered":"Wie kann man Erfolg im Leben erreichen"},"content":{"rendered":"<p>Alle Menschen w\u00fcnschen sich, dass ihr Leben gut verl\u00e4uft. Jeder strebt danach, erfolgreich zu sein, gut zu leben und sich weiter zu entwickeln. Dies gelingt jedoch nicht allen. Es gibt einige wichtige Faktoren die dabei helfen, das eigene Potential zu nutzen und das angestrebte Ziel zu erreichen.<\/p>\n<p><strong>Konzentration<\/strong><\/p>\n<p><strong>Erstens.<\/strong> Es ist wichtig, auf sich selbst konzentriert zu sein. Gott befindet sich in unserem Inneren, und <strong>wenn der Mensch auf sich elbst konzentriert ist, ist er auf Gott konzentriert.&nbsp; <\/strong>Diese Konzentration ist nicht auf den physischen K\u00f6rper gerichtet, sondern auf die eigene innere Kraft. Ein Mensch entwickelt sich, wenn er auf sich achtet, seine Gedanken, Worte und Taten kontrolliert und seine Aufmerksamkeit nicht auf das Verhalten anderer richtet, das hei\u00dft, es nicht beurteilt. Dieser erste Punkt ist der erste Schl\u00fcssel zum Erfolg.<\/p>\n<p><img decoding=\"async\" loading=\"lazy\" class=\"alignright wp-image-1561 size-full\" src=\"http:\/\/localhost\/yogashri\/neu\/online\/wp-content\/uploads\/2020\/02\/erfolg2.jpg\" alt=\"\" width=\"640\" height=\"415\" srcset=\"http:\/\/yoga-shri.de\/wp-content\/uploads\/2020\/02\/erfolg2.jpg 640w, http:\/\/yoga-shri.de\/wp-content\/uploads\/2020\/02\/erfolg2-300x195.jpg 300w\" sizes=\"(max-width: 640px) 100vw, 640px\" \/><\/p>\n<p><strong>Glauben<\/strong><\/p>\n<p><strong>Zweitens.<\/strong> Der Glaube, besonders der Glaube an sich selbst, ist sehr wichtig. Aber der Mensch ist nicht vollkommen und es gibt Zeiten im Leben, wo man seinen Glauben verliert. Man kann nicht die ganze Zeit an sich glauben, deshalb <strong>muss man an die Kraft Glauben, die vollkommen und rein ist.<\/strong> Wenn man sich in seinem Inneren das Bild Gottes vorstellt und an Seine Kraft glaubt, wird der Glaube immer st\u00e4rker. Mit dem Glauben an sich selbst ist der Glaube an Gott gemeint.<\/p>\n<p>Die Kraft Gottes ist sehr gro\u00df, <strong>sie ist \u00fcberall und in allem anwesend.<\/strong>&nbsp; Die Vorstellung von Gott hilft dem Menschen sehr, seinen Glauben zu st\u00e4rken. Deshalb ist es wichtig, f\u00fcr sich einen Isht \u2013&nbsp; liebste Gestalt Gottes &#8211; auszuw\u00e4hlen und an sie zu glauben. Die Kraft des Glaubens hilft dem Menschen, sich ganz auf den Willen Gottes zu verlassen,&nbsp; alles in seine H\u00e4nde zu \u00fcbergeben.<\/p>\n<p>Oft gelingt es nicht, sich vollst\u00e4ndig auf die Kraft Gottes zu verlassen und alles an Gott abzugeben. Man tr\u00e4gt die Last dann selbst, wodurch alle m\u00f6glichen Schwierigkeiten im Leben entstehen. Der Mensch wird nicht geboren, um Lasten zu tragen. <strong>Man wird geboren, um ein Leben voller Ruhe und Freude zu f\u00fchren.<\/strong><\/p>\n<p><em>Auf unserem Planeten gibt es viele Menschen, die nichts zu essen haben und oft k\u00f6nnen diejenigen, die alles haben, es nicht wertsch\u00e4tzen.<\/em><\/p>\n<p>Gott gibt einem alles, was notwendig ist. Wenn man es jedoch nicht versteht, nicht an sich arbeitet, kann man mit der Zeit das Gute, das man hat, verlieren. Zur Gottes Gnade z\u00e4hlen nicht nur Nahrung, Kleidung und ein Dach \u00fcber dem Kopf, sondern auch jeder Atemzug. Gott gibt uns das Leben, die M\u00f6glichkeit sich zu freuen, zu lieben und sich gute Eigenschaften anzueignen. Es ist wichtig, das nicht zu vergessen <strong>und den eigenen Glauben zu st\u00e4rken, indem man seine Last losl\u00e4sst. <\/strong><\/p>\n<p>Einst lebte ein Dorfbewohner, der niemals zuvor mit einem Zug gefahren ist. Eines Tages ging er zum Bahnhof, um in eine andere Stadt zu fahren. Da erfuhr er, dass er f\u00fcr die Fahrt ein St\u00fcck Papier, ein Ticket, ben\u00f6tigt. Am Schalter kaufte er ein Ticket, darauf stand, dass man h\u00f6chstens 20 Kilo Gep\u00e4ck mitnehmen darf.<\/p>\n<p>Dieser Mensch hat die Einschr\u00e4nkung auf eigene Weise verstanden: 20 Kilo stellte er auf dem Boden des Waggons ab und den Rest lud er auf den eigenen Kopf. Er glaubte, die vorgeschriebenen Regeln sehr gut zu befolgen<\/p>\n<p>Als der Zug losfuhr, kam der Schaffner, um das Zugticket zu pr\u00fcfen und war erstaunt \u00fcber das, was er sah:<\/p>\n<p>&#8211;&nbsp;&nbsp;&nbsp;&nbsp;&nbsp;&nbsp; Was hast du da auf dem Kopf? \u2013 fragte der Schaffner.<\/p>\n<p>&#8211;&nbsp;&nbsp;&nbsp;&nbsp;&nbsp;&nbsp; Auf dem Ticket habe ich gelesen, dass nur 20 Kilo Gep\u00e4ck erlaubt sind, deshalb habe ich den Rest auf meinen Kopf geladen, &#8211; antwortete der Mann.<\/p>\n<p>&#8211;&nbsp;&nbsp;&nbsp;&nbsp;&nbsp;&nbsp; Aber du sitzt doch auch in dem Zug, also tr\u00e4gt der Zug die ganze Last, &#8211; erkl\u00e4rte der Schaffner.<\/p>\n<p>Alles, was im Leben geschieht, passiert entsprechend der Gnade Gottes. Deshalb soll man, wenn man Gott liebt, an ihn glaubt und sagt: \u201cGottes Wille geschehe\u201c, keine Last auf dem eigen Kopf tragen.<\/p>\n<p>Den Glauben an Gott zu festigen ist sehr wichtig, denn gerade das st\u00e4rkt den Glauben an sich selbst. Da wo Gott ist, da ist alles gut, da ist Reinheit vorhanden. Wenn der Mensch die Anwesenheit Gottes f\u00fchlt, befindet er sich in einem guten Zustand. Deswegen darf <strong>der Glaube bei keinem einzigen Lebensumstand schwanken<\/strong>.<\/p>\n<p><em>Wann verliert man seinen Glauben?<\/em> Wenn im Leben Schwierigkeiten aufkommen oder wenn man seine Reinheit verliert. Wenn man an Gott glaubt, an seinen Ischt, bekommt man reine Energie und Kraft, um mit den Schwierigkeiten fertig zu werden und der eigene Glaube wird st\u00e4rker. Derjenige, <strong>der glaubt und sich stets vervollkommnet, wird auf jeden Fall erfolgreich sein<\/strong>, weil er so gut handeln wird, wie er nur kann.<\/p>\n<p><strong>Liebe<\/strong><\/p>\n<p><strong>Das Dritte<\/strong> ist die Liebe. Jeder ben\u00f6tigt sie f\u00fcr ein erfolgreiches Leben. Aber wie muss die Liebe sein?<\/p>\n<p>F\u00fcr den Menschen ist es wichtig zu lieben und geliebt zu werden, dass jemand da ist, der einen von Herzen liebt und f\u00fcr einen nur das Beste w\u00fcnscht. Viele denken, dass Liebe eine k\u00f6rperliche Beziehung, gemeinsames Zeitverbringen und Vergn\u00fcgen ist. Das ist nur die allgemein \u00fcbliche und etablierte Vorstellung von der Liebe, es ist die weltliche Liebe. <strong>Solche Beziehungen bringen aber keine stetige Ruhe und Freude. <\/strong><\/p>\n<p><em>Wenn man in sein\u00ad\u00adem Leben keine g\u00f6ttliche Liebe hat, wird man nicht ruhig und gl\u00fccklich sein.<\/em><\/p>\n<p><em>Wer kann so lieben?<\/em> Derjenige, der in seinem Inneren wenigstens einen Tropfen solcher aufrichtiger und reiner Liebe besitzt.<\/p>\n<p>Der Mensch mag nicht vollkommen sein, aber wenn in seinem Herzen wenigstens ein Teil g\u00f6ttlicher Liebe vorhanden ist, deren Wesen in der Reinheit und dem aufrichtigen Verhalten dem anderen gegen\u00fcber&nbsp; liegt, kann diese Liebe erwidert werden. Das ist sehr wichtig, denn solange der Mensch sich nicht erkannt hat, sich nicht mit Gott verbunden hat, braucht er eine Unterst\u00fctzung, er <strong>braucht eine Liebe, die ihm helfen wird, ihm Kraft und Energie f\u00fcr das Leben gibt.<\/strong> Ohne eine solche Hilfe ist&nbsp; das Leben sehr schwer.<\/p>\n<p>Der Mensch lebt in der Gesellschaft, gr\u00f6\u00dftenteils ist er mit seinem materiellen Wohl besch\u00e4ftigt und denkt, dass er Liebe hat durch Familie, Verwandte und Freunde. In diesen Beziehungen ist immer das Element der <em>Anhaftung<\/em> vorhanden. Deshalb ist es notwendig unterscheiden zu lernen, wer Sie wirklich von Herzen liebt und in wessen Verhalten Ihnen gegen\u00fcber mehr Reinheit da ist.<\/p>\n<p>Stellen Sie sich vor, jemand hat&nbsp; einen Splitter im Fu\u00df und es tut ihm sehr weh. Er klagt \u00fcber den Schmerz und gestattet niemandem, die Wunde zu ber\u00fchren. Der eine sagt: \u201cDen Fu\u00df soll man lieber nicht anfassen, weil er weh tut. Man muss ihn mit einer Spritze bet\u00e4uben und der Schmerz wird vergehen.\u201c Ein anderer sagt dagegen: \u201eNein. Man muss sofort den Splitter entfernen, weil sich diese Stelle sonst entz\u00fcndet und es dazu f\u00fchren kann, dass man den Fu\u00df verliert.\u201c Der zweite holt den Splitter heraus, auch wenn der Betroffene weint, aber nach einiger Zeit verheilt die Wunde. Der erste ist sich sicher, dass er liebt und deswegen m\u00f6chte er nicht wehtun. Aber das k\u00f6nnte auch sehr schwere Folgen haben. Die Spritze h\u00e4tte eine evtl. Entz\u00fcndung nicht verhinder. Es war notwendig, trotz des Schmerzes die Ursache zu beseitigen..<\/p>\n<p><strong>Derjenige der wirklich liebt, wird immer an die Folgen denken und daran, was tats\u00e4chlich f\u00fcr einen gut ist.<\/strong><\/p>\n<p>Die Liebe des Sadguru ist wahrhaftig. Wenn er aus seinem Wissen heraus sieht, dass der Mensch vom Negativen befreit werden muss, wird er ihn befreien, weil er wei\u00df, was passiert, wenn man nichts dagegen unternimmt.<\/p>\n<p>Es ist gut, wenn man vor dem Sadguru alles sagt wie es ist. Der Lehrer heilt die geistige Gesundheit genauso wie ein Arzt die physische. Wenn man dem Arzt eine falsche Information dar\u00fcber gibt, was einen beunruhigt oder was schmerzt, wird er nicht richtig diagnostizieren k\u00f6nnen und man wird nicht gesund. Die richtige Behandlung setzt eine korrekte Diagnose voraus. Der Sadguru wei\u00df alles von dem inneren Zustand des Menschen, der zu ihm gekommen ist. Wenn man jedoch selbst \u00fcber seine negative Eigenschaften erz\u00e4hlt, an denen man arbeitet und die man \u00e4ndern m\u00f6chte, wird es einem helfen. <strong>Wenn man tats\u00e4chlich gesteht, was einen im Leben st\u00f6rt, wird man besser verstehen k\u00f6nnen, was der Lehrer einem sagt und man wird daran arbeiten.<\/strong><\/p>\n<p><em>Warum hat nicht jeder Liebe in seinem Leben?<\/em> Weil nicht alle verstehen, was Liebe bedeutet. Wer versteht, was wahre Liebe ist, beginnt sie zu suchen. <strong>Wahre Liebe bedeutet nicht nur jemandem gut zuzusprechen und zu ihm z\u00e4rtlich zu sein, sondern auch streng zu sein, wenn notwendig<\/strong>. Derjenige der liebt, kann auch manchmal mit einem schimpfen, wenn er falsche Handlungen sieht.<\/p>\n<p>Wenn eine Mutter ihr Kind liebt und sieht, dass es sich dem Feuer n\u00e4hert, wird sie es aufhalten, weil sie die Folgen kennt. Das Kind kann denken, dass das Feuer ein Spiel ist und nicht verstehen, dass das Feuer es verletzen kann. Eine liebende Mutter wei\u00df sehr gut, was f\u00fcr ihr Kind gut ist und wird stets auf sein Wohl achten.<\/p>\n<p>Zur Liebe geh\u00f6rt eine grundlegende Eigenschaft \u2013 <strong>die Verantwortung<\/strong>. Das ist ein wichtiges Element der Liebe. Man muss verantwortlich auf das ganze Leben desjenigen achten, den man liebt. Um das Leben richtig zu f\u00fchren, muss man \u00fcber viel Wissen verf\u00fcgen. Wahre Liebe leitet den Menschen auf die richtige Bahn, ob es demjenigen gef\u00e4llt oder nicht. Wahre Liebe gibt immer den richtigen Rat.<\/p>\n<p>Leute sagen oft, dass sie geliebt haben und dann nicht mehr lieben. Eine solche Beziehung ist keine Liebe. Das ist eine <strong>Anhaftung, die zwei Menschen verbindet und sie dann st\u00f6rt<\/strong>. Ich spreche zu Ihnen von einer h\u00f6heren Liebe, einer Liebe ohne Anhaftung. Nur eine solche Liebe schenkt wahre Freude, sie achtet darauf, dass es dem Mensch gut geht, dass er sich vervollkommnet. Wenn man jemanden liebt und seine negative Eigenschaften sieht, sollte man versuchen, mit Liebe den anderen darauf aufmerksam zu machen&nbsp; und ihn zu lehren, wie man richtig handeln sollte. Wenn derjenige sich trotz all dem nicht \u00e4ndert, liegt es in seiner eigenen Verantwortung, Ihr Gewissen ist vor Gott rein.<\/p>\n<p>Wenn zum Lehrer ein Sch\u00fcler kommt, der falsch gehandelt hat, wei\u00df der Lehrer davon. Er lehrt den Sch\u00fcler immer und sagt ihm das, was f\u00fcr ihn n\u00fctzlich ist.<\/p>\n<p>Manchmal gef\u00e4llt das dem Sch\u00fcler nicht, wenn aber eine schwierige Situation im Leben kommt, erinnert er sich an die Worte des Lehrers und versteht, wie richtig die Ratschl\u00e4ge waren, die der Lehrer gab. Die gleiche Verantwortung tragen die Eltern und diejenigen, die jemanden lieben. <strong>Wenn die Eltern den Kindern etwas beibringen, die Kinder es aber nicht verstehen und auf eigene Weise handeln<\/strong>, <strong>liegt es dann in<\/strong> <strong>ihrer eigenen Verantwortung.<\/strong><\/p>\n<p><strong>Wahre Liebe \u00e4u\u00dfert sich, wenn man rechtzeitig den richtigen Ratschlag gibt, um das Begehen eines Fehlers zu verhindern. <\/strong>Mann muss gleich am Anfang, wenn eine schlechte Gewohnheit entsteht,dagegen angehen, damit man sp\u00e4ter nicht gegen die Folgen k\u00e4mpfen muss. Die Kinder zu lieben hei\u00dft nicht, ihnen alles zu erlauben. Das erste, was man dem Kind beibringen muss, ist die Kontrolle.<\/p>\n<p>Jeder, der in dieser Welt erfolgreich ist, hat in seinem Umfeld Menschen, die ihn lieben. Es gibt solche Menschen, die von vielen geliebt werden, das bedeutet, diese Seelen sind f\u00e4hig zu lieben. Viel Liebe empfangen diejenigen, die selber Liebe schenken. Die Liebe der Mitmenschen bewirkt Wachstum und Entwicklung und hilft erfolgreich zu sein.<\/p>\n<p><strong>Ergebenheit <\/strong><\/p>\n<p><strong>Viertens<\/strong>, es ist wichtig, dass Menschen in der N\u00e4he sind, die zu einem stehen und einem ergeben sind. Dieses Element ist unabdingbar f\u00fcr Erfolg.<\/p>\n<p>In den Familien, in denen die Eigenschaft der Ergebenheit fehlt, gibt es viel Leid. Wenn der Ehemann oder die Ehefrau nicht ehrlich zueinander sind, kann es in der Familie keine Harmonie geben.<\/p>\n<p><strong>Arbeit an sich selbst<\/strong><\/p>\n<p><strong>Der f\u00fcnfte<\/strong> wichtige Punkt ist der Kampf gegen die eigenen negativen Eigenschaften. Hierbei muss man Flei\u00df und Beharrlichkeit aufbringen. Man <strong>muss an das Erreichen des eigenen Ziels glauben<\/strong>. Wenn man etwas Neues beginnt, ist es falsch zu denken, dass es nicht gelingen w\u00fcrde. Wenn man gute Absichten hat und das erwartete Ergebnis beim ersten Mal nicht erreicht, muss man es immer und immer wieder versuchen, bis es gelingt.<\/p>\n<p>Um mit negativen Eigenschaften fertig zu werden, muss man st\u00e4ndig an sich arbeiten. Wenn man seinen Zorn \u00fcberwinden m\u00f6chte, muss man jedes Mal daran arbeiten, wenn der Zorn aufsteigt. Wenn man die Eifersucht \u00fcberwinden m\u00f6chte, muss man an sich arbeiten, wenn dieses Gef\u00fchl aufkommt. <strong>Negative Eigenschaften bleiben vom Leben zu Leben erhalten bis man diese \u00fcberwindet. <\/strong>Es ist schwierig, diese M\u00e4ngel mit einem Mal zu beheben.<\/p>\n<p>In Indien gibt es Tiere, die den K\u00fchen \u00e4hneln \u2013 die B\u00fcffel. Sie \u00e4hneln zwar den K\u00fchen, aber sie m\u00f6gen es, schmutzig zu sein. Wenn der Besitzer das Tier s\u00e4ubert, f\u00e4ngt der B\u00fcffel an, eine neue schlammige Stelle zu suchen, um sich erneut schmutzig zu machen. Im Schlamm f\u00fchlen sich die B\u00fcffel sehr wohl \u2013 es ist absolut ihr Lieblingsort.. Im Gegensatz dazu m\u00f6gen es die K\u00fche, sauber zu sein. Sie freuen sich sehr, wenn sie gewaschen werden.<\/p>\n<p>Wenn den Menschen negative Eigenschaften ergreifen, beginnt er, negative Orte zu m\u00f6gen. Da wo schlechter Geruch ist, scheint es ihm nach gutem Parfum zu duften. Es ist schwer auf ein Mal davon frei zu werden. Man muss sich sehr bem\u00fchen, um die negativen Eigenschaften mit allen Wurzeln zu entfernen.<\/p>\n<p>Ich habe Ihnen von f\u00fcnf Elementen erz\u00e4hlt, die notwendig sind, um erfolgreich zu sein.<br \/>\nDas Erste &#8211; <strong>die Konzentration auf sich selbst<\/strong>.<br \/>\nDas Zweite &#8211; <strong>der Glaube<\/strong>.<br \/>\nDas Dritte &#8211; <strong>die Liebe<\/strong>.<br \/>\nDas Vierte &#8211; <strong>die Eigenschaft der Ergebenheit, dass jemand bei einem ist, der einem ergeben ist.<br \/>\n<\/strong>Das F\u00fcnfte &#8211; <strong>die Bem\u00fchung um den Sieg \u00fcber eigene negative Eigenschaften<\/strong>.<\/p>\n<p><strong>Zusammenarbeit<\/strong><\/p>\n<p><strong>Das Sechste ist die Arbeit mit vereinten Kr\u00e4ften.<br \/>\n<\/strong><br \/>\nDie gemeinsame&nbsp; Arbeit ist sehr wichtig, um hohe Ziele zu erreichen. Es f\u00e4ngt bei der Organisation und der Schaffung der Ordnung zu Hause an. Wenn in einer Wohnung vier Personen zusammen wohnen und in dem einen Zimmer immer Ordnung herrscht, w\u00e4hrend in dem anderen nie jemand aufr\u00e4umt, wird die gesamte Wohnung nicht gut aussehen. Wenn jemand zu Besuch kommt, wird er den Eindruck haben, dass es in dieser Wohnung weder Ordnung noch Sauberkeit gibt.<\/p>\n<p>In einem Unternehmen gelten die gleichen Grunds\u00e4tze. Wenn das gesamte Arbeitsteam sich um Ordnung bem\u00fcht und jeder danach strebt, seine Arbeit im Sinne des gemeinsamen Zieles gut zu erf\u00fcllen, <strong>wird&nbsp; das Team erfolgreich sein<\/strong>.<\/p>\n<p>Es gibt noch den <strong>siebenten<\/strong> Punkt.<\/p>\n<p>Wenn alle sechs Elemente vorhanden sind und der Erfolg kommt, wird das Ego geboren. Man f\u00e4ngt an zu denken:&#8220;Ich bin sehr stark, mich lieben viele, ich habe das, was die anderen nicht haben.&#8220; Solche Gedanken f\u00fchren dazu, dass der Mensch wieder nach und nach das verliert, was er bereits erlangt hatte.<\/p>\n<p><strong>Das Ego aufgeben<\/strong><\/p>\n<p>Das siebente Element des Erfolges ist <strong>das Aufgeben des Ego. <\/strong>Wenn es einem gut geht, man geistige Kraft hat und gutherzig und gerecht bleibt, dann wird die Entwicklung weiter voranschreiten.<\/p>\n<p>F\u00fcr einen Erfolg sind sechs Elemente notwendig, wenn man aber alles bekommt und wird erfolgreich, steigt <em>Ankar<\/em> (Ego) auf. Deshalb ist es wichtig, dieses st\u00e4ndig unter Kontrolle zu halten.<\/p>\n<p>Sie m\u00f6chten in allem Erfolg haben und das ist sehr gut. Ein Fortschritt ist immer gut. Wenn Sie aber beten, bitten Sie von ganzem Herzen darum, dass Ihr Ego niemals aufsteigt, nicht einmal im Schlaf. Dann wird Ihnen Gott das geben, was f\u00fcr einen Erfolg notwendig ist.<\/p>\n<p><a href=\"http:\/\/yoga-shri.de\/index.php\/satsangs-texte-gleichnisse\/\">zur\u00fcck zum &#8222;Satsangs Themen&#8220;<\/a><\/p>\n","protected":false},"excerpt":{"rendered":"<p>Alle Menschen w\u00fcnschen sich, dass ihr Leben gut verl\u00e4uft. Jeder strebt danach, erfolgreich zu sein, gut zu leben und sich weiter zu entwickeln. Dies gelingt jedoch nicht allen. Es gibt einige wichtige Faktoren die dabei helfen, das eigene Potential zu nutzen und das angestrebte Ziel zu erreichen. Konzentration Erstens. Es ist wichtig, auf sich selbst konzentriert zu sein. Gott befindet sich in unserem Inneren, und wenn der Mensch auf sich elbst konzentriert ist, ist er &hellip; <\/p>\n","protected":false},"author":1,"featured_media":0,"parent":331,"menu_order":0,"comment_status":"closed","ping_status":"closed","template":"","meta":{"ngg_post_thumbnail":0},"_links":{"self":[{"href":"http:\/\/yoga-shri.de\/index.php\/wp-json\/wp\/v2\/pages\/746"}],"collection":[{"href":"http:\/\/yoga-shri.de\/index.php\/wp-json\/wp\/v2\/pages"}],"about":[{"href":"http:\/\/yoga-shri.de\/index.php\/wp-json\/wp\/v2\/types\/page"}],"author":[{"embeddable":true,"href":"http:\/\/yoga-shri.de\/index.php\/wp-json\/wp\/v2\/users\/1"}],"replies":[{"embeddable":true,"href":"http:\/\/yoga-shri.de\/index.php\/wp-json\/wp\/v2\/comments?post=746"}],"version-history":[{"count":3,"href":"http:\/\/yoga-shri.de\/index.php\/wp-json\/wp\/v2\/pages\/746\/revisions"}],"predecessor-version":[{"id":1921,"href":"http:\/\/yoga-shri.de\/index.php\/wp-json\/wp\/v2\/pages\/746\/revisions\/1921"}],"up":[{"embeddable":true,"href":"http:\/\/yoga-shri.de\/index.php\/wp-json\/wp\/v2\/pages\/331"}],"wp:attachment":[{"href":"http:\/\/yoga-shri.de\/index.php\/wp-json\/wp\/v2\/media?parent=746"}],"curies":[{"name":"wp","href":"https:\/\/api.w.org\/{rel}","templated":true}]}}