{"id":785,"date":"2020-01-25T19:55:31","date_gmt":"2020-01-25T18:55:31","guid":{"rendered":"http:\/\/localhost\/yogashri\/neu\/online\/?page_id=785"},"modified":"2020-02-23T23:04:55","modified_gmt":"2020-02-23T22:04:55","slug":"atma-und-karma-innere-reinheit-und-geistige-kraft","status":"publish","type":"page","link":"http:\/\/yoga-shri.de\/index.php\/satsangs-texte-gleichnisse\/atma-und-karma-innere-reinheit-und-geistige-kraft\/","title":{"rendered":"Atma und Karma. Innere Reinheit und geistige Kraft."},"content":{"rendered":"<p>Es gibt zwei Dinge, die das Leben des Menschen bestimmen. Wenn Sie diese richtig verstehen, werden Sie sich geistig vervollkommnen. Das sind <strong><em>Atma<\/em><\/strong> und <strong><em>Karma<\/em><\/strong>.<\/p>\n<p><strong>Atma<\/strong><\/p>\n<p><strong><em><img decoding=\"async\" loading=\"lazy\" class=\"wp-image-788 alignright\" src=\"http:\/\/localhost\/yogashri\/neu\/online\/wp-content\/uploads\/2020\/01\/drop-of-water11cm-1024x678.jpg\" alt=\"\" width=\"304\" height=\"201\" srcset=\"http:\/\/yoga-shri.de\/wp-content\/uploads\/2020\/01\/drop-of-water11cm-1024x678.jpg 1024w, http:\/\/yoga-shri.de\/wp-content\/uploads\/2020\/01\/drop-of-water11cm-300x199.jpg 300w, http:\/\/yoga-shri.de\/wp-content\/uploads\/2020\/01\/drop-of-water11cm-768x509.jpg 768w, http:\/\/yoga-shri.de\/wp-content\/uploads\/2020\/01\/drop-of-water11cm-1536x1017.jpg 1536w, http:\/\/yoga-shri.de\/wp-content\/uploads\/2020\/01\/drop-of-water11cm-700x465.jpg 700w, http:\/\/yoga-shri.de\/wp-content\/uploads\/2020\/01\/drop-of-water11cm.jpg 1961w\" sizes=\"(max-width: 304px) 100vw, 304px\" \/>Das Atma<\/em><\/strong> ist die Energie und Kraft in uns, das Teilchen Gottes, das sich im Inneren eines jeden befindet. Atma ist ewig, es stirbt nicht. Bei jeder neuen Geburt bekommen wir einen neuen K\u00f6rper. Der K\u00f6rper wird gewechselt wie die Kleidung, doch das Atma bleibt. Nur, wir vergessen alles, was im vergangenen Leben war.<\/p>\n<p><strong>Atma ist immer rein<\/strong> &#8211; wie beim besten so auch beim schlechtesten Menschen. Es ist wie Licht, wie Gott im Inneren &#8211; es ist nie schlecht, nie unrein &#8211; es ist immer Licht. Im Menschen, in Tieren und Pflanzen, im Stein &#8211; \u00fcberall ist diese Energie anwesend. Am meisten offenbart sie sich im Menschen.<\/p>\n<p>Wenn der Mensch etwas Gutes tun m\u00f6chte, sich geistig vervollkommnen m\u00f6chte, sich Freude und Ruhe w\u00fcnscht, lieben und geliebt werden m\u00f6chte &#8211; ist dies das Wirken der Kraft des Atma. Das ist sein Licht, seine Energie, die einen guten Zustand, reine Gedanken, sowie reine W\u00fcnsche&nbsp; hervorbringen. Aber es gibt noch das Karma. Das Karma ist bei allen verschieden.<\/p>\n<p><strong>Karma<\/strong><\/p>\n<p>Die Gedanken, Worte und Taten unterscheiden sich bei allen &#8211; jeder hat sein Karma und eine dementsprechend verschiedene materielle Lage und unterschiedliche geistige Ebene. Wird das Licht des Atma vom&nbsp; Karma verdeckt &#8211; wird das Atma zu <strong><em>Jivatma<\/em><\/strong>. Jivatma ist jedes Lebewesen, sei es Mensch oder Tier.<\/p>\n<p>In jedem Augenblick kommt eine Vielzahl an Gedanken&nbsp; &#8211; gute oder schlechte. Welche von ihnen f\u00fchren zu einem Resultat? &#8211;&nbsp; Diejenigen, an die wir uns anbinden. Indem wir uns anbinden, schaffen wir mit diesen Gedanken neues Karma. Wenn der Gedanke kommt und geht, zieht dieser kein Resultat nach sich. Manchmal m\u00f6chte man an etwas Bestimmtes nicht denken, doch die Gedanken kommen trotzdem. <strong>Das Karma, das wir fr\u00fcher geschaffen haben, kommt nun in Form von Gedanken.<\/strong> Das, was wir irgendwann getan haben, bewirkt jetzt ein Resultat. Das, was wir jetzt denken, sagen und tun, kehrt sp\u00e4ter auch zu uns zur\u00fcck.<\/p>\n<p><strong>Warum ist es besonders morgens gut zu beten, zu meditieren, eine geistige<\/strong> <strong>Praxis auszu\u00fcben?<\/strong> Damit man sich innerlich mit dem eigenen Atma, mit der Kraft Gottes verbindet. Diese Kraft wird uns dann den ganzen Tag reine Gedanken und gute Energie zum Handeln&nbsp; geben.<\/p>\n<p>Es kommt vor, dass ein Mensch nicht betet, keine geistige Praxis erf\u00fcllt, aber viel Gutes im Leben hat. Warum? Er hat ein &#8222;Guthaben&#8220; an positivem Karma aus fr\u00fcheren Leben, welches ihm das entsprechende Resultat bringt. Jetzt verbraucht dieser Mensch es einfach so. Viele Menschen leben nur nach dem Karma. Ihr Karma hat so eine starke Wirkung, dass das Licht des Atma ganz verdeckt ist, sie werden alles entsprechend ihrem Karma tun: Bei gutem Karma &#8211; bekommen sie in ihrem Leben ein gutes Resultat, bei ungutem &#8211; ein nicht gutes Resultat.<\/p>\n<p><em>Yoga ist eine gro\u00dfe Wissenschaft. Wer \u00fcber geistiges Wissen verf\u00fcgt, der versteht, wie alles geschieht.<\/em><\/p>\n<p><strong>Innere Reinheit und geistige Kraft<\/strong><\/p>\n<p>Bei jeder Tat k\u00f6nnen wir f\u00fchlen, dass Gott in unserem Inneren ist und unser Atma uns einen Hinweis gibt, ob wir richtig handeln. Ob wir ihn h\u00f6ren oder nicht &#8211; davon h\u00e4ngt es ab, ob wir danach schwach oder stark sein werden. <strong>Wenn wir vor unserem Atma rein sind, werden wir mehr Kraft haben.<\/strong> Wenn wir es nicht sind, wird die Kraft sich verringern. Doch gerade die geistige Kraft bestimmt der Erfolg in allen Bereichen. Hierbei geht es nicht nur um materiellen Erfolg. Ein Mensch, der \u00fcber geistige Kraft verf\u00fcgt, hat mehr Ruhe, mehr Freude &#8211; einen inneren Zustand, der wahren geistigen Reichtum bedeutet.<\/p>\n<p>Wenn wir vor Gott, vor dem eigenen Atma, unrecht handeln, verringert sich unsere geistige Kraft, und in unserem Leben entstehen unterschiedliche Arten von Schwierigkeiten. Diese k\u00f6nnen sich auf verschiedene Weise \u00e4u\u00dfern: in Form von Problemen mit der Gesundheit oder in bestimmten Lebenssituationen, und wir verstehen nicht, warum und woher diese gekommen sind. Wenn man jedoch richtig handelt, vor seinem Atma rein ist, dann kann man jedes negative Karma, das aus einem vergangenen Leben kommt, \u00fcberwinden.<\/p>\n<p><em>Wie der Mensch geistige Kraft bekommt und wie er sie verbraucht, ist nicht sofort sichtbar, das zeigt die Zeit.<\/em><\/p>\n<p><strong>Aufrichtigkeit vor Gott<\/strong><\/p>\n<p>Im Leben gibt es verschiedene Situationen, verschiedene Ereignisse. Das Karma kann Sie ergreifen und Sie k\u00f6nnen Fehler begehen. Wenn Sie jedoch die Augen schlie\u00dfen, sich an Gott wenden und beten, dann ist es notwendig, offen zu sein. <strong>Wenn der Mensch vom Herzen Gott gegen\u00fcber seine Fehler bekennt &#8211; reinigt er sich.<\/strong> Dann wird die gleiche Kraft &#8211; die Kraft Gottes, vor der Sie immer rein sind, Ihnen helfen, Sie besch\u00fctzen, und Ihren geistigen Fortschritt kann dann nichts mehr aufhalten.<\/p>\n<p><a href=\"http:\/\/yoga-shri.de\/index.php\/satsangs-texte-gleichnisse\/\">zur\u00fcck zum &#8222;Satsangs Themen&#8220;<\/a><\/p>\n","protected":false},"excerpt":{"rendered":"<p>Es gibt zwei Dinge, die das Leben des Menschen bestimmen. Wenn Sie diese richtig verstehen, werden Sie sich geistig vervollkommnen. Das sind Atma und Karma. Atma Das Atma ist die Energie und Kraft in uns, das Teilchen Gottes, das sich im Inneren eines jeden befindet. Atma ist ewig, es stirbt nicht. Bei jeder neuen Geburt bekommen wir einen neuen K\u00f6rper. Der K\u00f6rper wird gewechselt wie die Kleidung, doch das Atma bleibt. Nur, wir vergessen alles, &hellip; <\/p>\n","protected":false},"author":1,"featured_media":0,"parent":331,"menu_order":0,"comment_status":"closed","ping_status":"closed","template":"","meta":{"ngg_post_thumbnail":0},"_links":{"self":[{"href":"http:\/\/yoga-shri.de\/index.php\/wp-json\/wp\/v2\/pages\/785"}],"collection":[{"href":"http:\/\/yoga-shri.de\/index.php\/wp-json\/wp\/v2\/pages"}],"about":[{"href":"http:\/\/yoga-shri.de\/index.php\/wp-json\/wp\/v2\/types\/page"}],"author":[{"embeddable":true,"href":"http:\/\/yoga-shri.de\/index.php\/wp-json\/wp\/v2\/users\/1"}],"replies":[{"embeddable":true,"href":"http:\/\/yoga-shri.de\/index.php\/wp-json\/wp\/v2\/comments?post=785"}],"version-history":[{"count":2,"href":"http:\/\/yoga-shri.de\/index.php\/wp-json\/wp\/v2\/pages\/785\/revisions"}],"predecessor-version":[{"id":1929,"href":"http:\/\/yoga-shri.de\/index.php\/wp-json\/wp\/v2\/pages\/785\/revisions\/1929"}],"up":[{"embeddable":true,"href":"http:\/\/yoga-shri.de\/index.php\/wp-json\/wp\/v2\/pages\/331"}],"wp:attachment":[{"href":"http:\/\/yoga-shri.de\/index.php\/wp-json\/wp\/v2\/media?parent=785"}],"curies":[{"name":"wp","href":"https:\/\/api.w.org\/{rel}","templated":true}]}}